{"id":880,"date":"2017-01-25T11:09:33","date_gmt":"2017-01-25T11:09:33","guid":{"rendered":"http:\/\/ulia.org\/ficv\/?page_id=880"},"modified":"2017-04-11T16:36:12","modified_gmt":"2017-04-11T16:36:12","slug":"declaracion-de-la-plata-2016","status":"publish","type":"page","link":"https:\/\/ulia.org\/ficv\/declaracion-de-la-plata-2016\/","title":{"rendered":"Declaraci\u00f3n de La Plata 2016"},"content":{"rendered":"<p><div class=\"fusion-fullwidth fullwidth-box fusion-builder-row-1 hundred-percent-fullwidth non-hundred-percent-height-scrolling\" style=\"--awb-border-radius-top-left:0px;--awb-border-radius-top-right:0px;--awb-border-radius-bottom-right:0px;--awb-border-radius-bottom-left:0px;--awb-overflow:visible;--awb-flex-wrap:wrap;\" ><div class=\"fusion-builder-row fusion-row\"><div class=\"fusion-layout-column fusion_builder_column fusion-builder-column-0 fusion_builder_column_1_1 1_1 fusion-one-full fusion-column-first fusion-column-last fusion-column-no-min-height\" style=\"--awb-bg-size:cover;--awb-margin-bottom:0px;\"><div class=\"fusion-column-wrapper fusion-flex-column-wrapper-legacy\"><div class=\"fusion-text fusion-text-1\"><p style=\"text-align: justify;\">\n<\/div><div class=\"fusion-text fusion-text-2\"><p style=\"text-align: justify;\">\n<\/div><div class=\"fusion-clearfix\"><\/div><\/div><\/div><\/div><\/div><div class=\"fusion-fullwidth fullwidth-box fusion-builder-row-2 nonhundred-percent-fullwidth non-hundred-percent-height-scrolling\" style=\"--awb-background-position:left top;--awb-border-radius-top-left:0px;--awb-border-radius-top-right:0px;--awb-border-radius-bottom-right:0px;--awb-border-radius-bottom-left:0px;--awb-padding-top:20px;--awb-padding-bottom:20px;--awb-border-sizes-top:0px;--awb-border-sizes-bottom:0px;--awb-flex-wrap:wrap;\" ><div class=\"fusion-builder-row fusion-row\"><div class=\"fusion-layout-column fusion_builder_column fusion-builder-column-1 fusion_builder_column_1_1 1_1 fusion-one-full fusion-column-first fusion-column-last fusion-column-no-min-height\" style=\"--awb-bg-size:cover;--awb-margin-bottom:0px;\"><div class=\"fusion-column-wrapper fusion-flex-column-wrapper-legacy\"><div class=\"fusion-title title fusion-title-1 fusion-title-text fusion-title-size-one\" style=\"--awb-margin-top-small:10px;--awb-margin-right-small:0px;--awb-margin-bottom-small:10px;--awb-margin-left-small:0px;\"><h1 class=\"fusion-title-heading title-heading-left\" style=\"margin:0;\">Declaraci\u00f3n de la Plata<\/h1><span class=\"awb-title-spacer\"><\/span><div class=\"title-sep-container\"><div class=\"title-sep sep-double sep-solid\" style=\"border-color:#e0dede;\"><\/div><\/div><\/div><div class=\"fusion-text fusion-text-3\"><p>&nbsp;<\/p>\n<p style=\"text-align: justify;\">Reunidos en la sede de la Universidad Cat\u00f3lica de La Plata, con motivo del XX Congreso Ciencia y Vida, tras las ponencias, conferencias y debates y en l\u00ednea con los pronunciamientos program\u00e1ticos de los diecinueve congresos anteriores, hacemos p\u00fablica esta DECLARACI\u00d3N en la que acordamos:<\/p>\n<h3 style=\"text-align: justify;\"><span style=\"color: #006633;\">Proclamamos:<\/span><\/h3>\n<p>1.- Hacer un llamado de atenci\u00f3n sobre la necesidad de recomponer la implicaci\u00f3n del ser humano con su entorno. Al efecto, la conveniencia de recuperar el concepto de noosfera, la raz\u00f3n, la mente humana, formando parte de la naturaleza, yendo m\u00e1s all\u00e1 de la idea de biosfera que representa la naturaleza como algo ajeno y lejano al devenir humano.<\/p>\n<p>2.- Recordar el car\u00e1cter social de la naturaleza en l\u00ednea con los postulados del principio antr\u00f3pico. El ser humano ni es ajeno a la naturaleza ni un mero ser vivo m\u00e1s en ella con impronta prescindible. Tiene sentido hist\u00f3rico que vivamos en ella en la medida en que nos veamos como su cuidador, como su jardinero. Nos necesitamos mutuamente y, de parte de la humanidad, ello deviene en deberes concretos.<\/p>\n<p>3.- Poner de manifiesto que muchos de los errores para una adecuada comprensi\u00f3n del entorno que han llevado y llevan a su destrucci\u00f3n, est\u00e1n originados por una falta de comprensi\u00f3n del ser humano mismo y de su raz\u00f3n social. Ser\u00e1 necesario, en este sentido, abogar por una adecuada preparaci\u00f3n en disciplinas human\u00edsticas y sociales en la educaci\u00f3n b\u00e1sica, que despu\u00e9s se cimente y profundice tambi\u00e9n en la formaci\u00f3n en las especialidades t\u00e9cnicas.<\/p>\n<p>4.- Abogar por la extensi\u00f3n del concepto de crimen contra la humanidad a los delitos de car\u00e1cter ecol\u00f3gico que conculquen los derechos de las futuras generaciones a una vida segura en una naturaleza viva y rica, y extender la competencia de los tribunales internacionales para sancionar estos delitos con las penas adecuadas. En esta l\u00ednea abogamos tambi\u00e9n por instar a una moratoria nuclear universal que pare con urgencia y determinaci\u00f3n la acumulaci\u00f3n de m\u00e1s residuos radioactivos.<\/p>\n<p>5.- Defendemos la conveniencia de primar una cultura del cuidado y la dependencia sobre otra de la autonom\u00eda y la insolidaridad. Al efecto instamos a todos los poderes constituidos a velar por la salvaguarda de la familia, el \u00e1mbito humano por excelencia donde se procura, educa, y propone el cuidado como modo de relaci\u00f3n.<\/p>\n<p>6.- Denunciar la hipocres\u00eda de quienes pretenden defender el entorno natural excluyendo al ser humano del mismo, bien defendiendo el aborto o la eutanasia, o bien amparando violencias terminales de cualquier otra \u00edndole. Que la vida es sagrada es el principio del que parte toda convivencia y toda armon\u00eda.<\/p>\n<p>7.- Por \u00faltimo, manifestamos la conveniencia de profundizar en el concepto de soberan\u00eda subsidiaria o compartida, al modo como se reconoce, por ejemplo, en el dominio ant\u00e1rtico. La naturaleza es de todos e incluyente. Del mismo modo que rechazamos que cualquier estado pueda a su arbitrio y conveniencia decidir extender sus l\u00edmites mar\u00edtimos, a\u00e9reos o terrestres, abogamos por fomentar una cultura de la cosoberan\u00eda que proteja el entorno, nuestra casa com\u00fan, y redunde en beneficio de toda la humanidad.<\/p>\n<p>En La Plata, a 5 de agosto de 2016.<\/p>\n<p style=\"text-align: justify;\">\n<\/div><div class=\"fusion-clearfix\"><\/div><\/div><\/div><\/div><\/div><div class=\"fusion-fullwidth fullwidth-box fusion-builder-row-3 hundred-percent-fullwidth non-hundred-percent-height-scrolling\" style=\"--awb-border-radius-top-left:0px;--awb-border-radius-top-right:0px;--awb-border-radius-bottom-right:0px;--awb-border-radius-bottom-left:0px;--awb-overflow:visible;--awb-flex-wrap:wrap;\" ><div class=\"fusion-builder-row fusion-row\"><div class=\"fusion-layout-column fusion_builder_column fusion-builder-column-2 fusion_builder_column_1_1 1_1 fusion-one-full fusion-column-first fusion-column-last fusion-column-no-min-height\" style=\"--awb-bg-size:cover;--awb-margin-bottom:0px;\"><div class=\"fusion-column-wrapper fusion-flex-column-wrapper-legacy\"><div class=\"fusion-text fusion-text-4\"><\/div><div class=\"fusion-clearfix\"><\/div><\/div><\/div><\/div><\/div><\/p>\n","protected":false},"excerpt":{"rendered":"","protected":false},"author":3,"featured_media":0,"parent":0,"menu_order":0,"comment_status":"closed","ping_status":"closed","template":"","meta":{"footnotes":""},"class_list":["post-880","page","type-page","status-publish","hentry"],"_links":{"self":[{"href":"https:\/\/ulia.org\/ficv\/wp-json\/wp\/v2\/pages\/880","targetHints":{"allow":["GET"]}}],"collection":[{"href":"https:\/\/ulia.org\/ficv\/wp-json\/wp\/v2\/pages"}],"about":[{"href":"https:\/\/ulia.org\/ficv\/wp-json\/wp\/v2\/types\/page"}],"author":[{"embeddable":true,"href":"https:\/\/ulia.org\/ficv\/wp-json\/wp\/v2\/users\/3"}],"replies":[{"embeddable":true,"href":"https:\/\/ulia.org\/ficv\/wp-json\/wp\/v2\/comments?post=880"}],"version-history":[{"count":2,"href":"https:\/\/ulia.org\/ficv\/wp-json\/wp\/v2\/pages\/880\/revisions"}],"predecessor-version":[{"id":914,"href":"https:\/\/ulia.org\/ficv\/wp-json\/wp\/v2\/pages\/880\/revisions\/914"}],"wp:attachment":[{"href":"https:\/\/ulia.org\/ficv\/wp-json\/wp\/v2\/media?parent=880"}],"curies":[{"name":"wp","href":"https:\/\/api.w.org\/{rel}","templated":true}]}}