{"id":88,"date":"2016-02-03T19:35:38","date_gmt":"2016-02-03T19:35:38","guid":{"rendered":"http:\/\/ulia.org\/ficv\/?page_id=88"},"modified":"2017-04-11T16:36:14","modified_gmt":"2017-04-11T16:36:14","slug":"declaracion-de-queretaro-2003","status":"publish","type":"page","link":"https:\/\/ulia.org\/ficv\/declaracion-de-queretaro-2003\/","title":{"rendered":"Declaraci\u00f3n de Quer\u00e9taro 2003"},"content":{"rendered":"<p style=\"text-align: justify;\"><div class=\"fusion-fullwidth fullwidth-box fusion-builder-row-1 nonhundred-percent-fullwidth non-hundred-percent-height-scrolling\" style=\"--awb-background-position:left top;--awb-border-radius-top-left:0px;--awb-border-radius-top-right:0px;--awb-border-radius-bottom-right:0px;--awb-border-radius-bottom-left:0px;--awb-padding-top:20px;--awb-padding-bottom:20px;--awb-border-sizes-top:0px;--awb-border-sizes-bottom:0px;--awb-flex-wrap:wrap;\" ><div class=\"fusion-builder-row fusion-row\"><div class=\"fusion-layout-column fusion_builder_column fusion-builder-column-0 fusion_builder_column_1_1 1_1 fusion-one-full fusion-column-first fusion-column-last fusion-column-no-min-height\" style=\"--awb-bg-size:cover;--awb-margin-bottom:0px;\"><div class=\"fusion-column-wrapper fusion-flex-column-wrapper-legacy\"><div class=\"fusion-title title fusion-title-1 fusion-title-text fusion-title-size-one\" style=\"--awb-margin-top-small:10px;--awb-margin-right-small:0px;--awb-margin-bottom-small:10px;--awb-margin-left-small:0px;\"><h1 class=\"fusion-title-heading title-heading-left\" style=\"margin:0;\">Declaraci\u00f3n de\u00a0Quer\u00e9taro<\/h1><span class=\"awb-title-spacer\"><\/span><div class=\"title-sep-container\"><div class=\"title-sep sep-double sep-solid\" style=\"border-color:#e0dede;\"><\/div><\/div><\/div><div class=\"fusion-text fusion-text-1\"><ol>\n<li style=\"text-align: justify;\">En el Centro Hist\u00f3rico de la Ciudad de Santiago de Quer\u00e9taro, cuna de la Independencia de M\u00e9xico y Patrimonio cultural de la humanidad, y en el esp\u00edritu de las declaraciones de Buenos Aires, San Jos\u00e9, M\u00e9xico, Cartagena y Guadalajara, manifiestos todos en defensa de la inviolabilidad y dignidad de la vida humanas ante las amenazas y embates que el fin de la modernidad ilustrada sigue procurando en muchos \u00e1mbitos en forma de nuevas esclavitudes, opresiones y dirigismos,<br \/>\n<h3><strong><span style=\"color: #006633;\">PROCLAMAMOS<\/span><\/strong><\/h3>\n<p>1.- El derecho de todos los seres humanos a la libertad frente a la manipulaci\u00f3n y tortura que suponen la crioconservaci\u00f3n y la experimentaci\u00f3n embrionaria. La ciencia es patrimonio de todos y nunca debe ser usada procurando mal a nadie, particularmente a los seres humanos m\u00e1s vulnerables e indefensos durante los primeros momentos de su desarrollo vital.<\/p>\n<p>2.- El deber y la responsabilidad de la ciencia para con el futuro de la transmisi\u00f3n del patrimonio gen\u00e9tico humano. Esto quiere decir que el derecho a la libertad en el trabajo cient\u00edfico debe supeditarse siempre a libertades de orden superior como las que quedan aseguradas al momento de respetar incondicionalmente el derecho a la vida a\u00fan cuando se presente deficiente o malformada. Entre otras cosas esto significa que la amenaza de la eugenesia se hace m\u00e1s patente cada vez ante la falta de una genuina formaci\u00f3n del cient\u00edfico como servidor de la verdad, y en especial, de la verdad sobre el ser humano.<\/p>\n<p>3.- La libertad de toda la sociedad depende en buena medida de la vocaci\u00f3n de servicio de sus dirigentes y hombres y mujeres de ciencia. Parte de esa actitud de servicio se basa en la posibilidad de trabajar con recursos econ\u00f3micos independientes de condicionamientos ideol\u00f3gicos o de poder. En este sentido esta declaraci\u00f3n rechaza el imperialismo cultural y cient\u00edfico de los organismos internacionales y particularmente de los Estados Unidos y la Uni\u00f3n Europea en la provisi\u00f3n de recursos para sus propios investigadores en temas que afectan el porvenir y desarrollo de los pa\u00edses de Am\u00e9rica Latina.<\/p>\n<p>4.- La necesidad imperiosa de exigir ante las autoridades nacionales e internacionales el reconocimiento pleno de la dignidad humana de quienes al margen de la din\u00e1mica del mercado y de sus leyes viven sin poder defenderse. Es preciso crear las instancias nacionales e internacionales para poder llevar a juicio a quienes abusando del poder pol\u00edtico o econ\u00f3mico condenan a personas o a pueblos enteros al subdesarrollo y a la muerte.<\/p>\n<p>5.- La urgencia de ampliar el reconocimiento del aporte de la mujer al bien com\u00fan de la familia y de la sociedad. La mujer por ser mujer tiende doblemente a ser marginada y excluida cuando no goza de las condiciones para desarrollarse con justicia y dignidad de acuerdo a su vocaci\u00f3n y elecci\u00f3n. El verdadero rostro humano de la sociedad que debemos construir no aparecer\u00e1 si no contribuimos a crear una vueva presencia femenina que renueve la vida comunitaria y corrija el despotismo masculinizante, es decir, la reducci\u00f3n de la mujer a objeto de uso, abuso y de consumo mercantil.<\/p>\n<p>Por una sociedad m\u00e1s incluyente, desarrollada y justa en la que nadie sea olvidado.<\/p>\n<p><span style=\"color: #006633;\"><em>En Santiago de Quer\u00e9taro a 29 de Agosto de 2003.<\/em><\/span><\/li>\n<\/ol>\n<p style=\"text-align: justify;\">\n<\/div><div class=\"fusion-clearfix\"><\/div><\/div><\/div><div class=\"fusion-layout-column fusion_builder_column fusion-builder-column-1 fusion_builder_column_1_1 1_1 fusion-one-full fusion-column-first fusion-column-last fusion-column-no-min-height\" style=\"--awb-bg-size:cover;--awb-margin-bottom:0px;\"><div class=\"fusion-column-wrapper fusion-flex-column-wrapper-legacy\"><div class=\"accordian fusion-accordian\" style=\"--awb-border-size:1px;--awb-icon-size:16px;--awb-content-font-size:13px;--awb-icon-alignment:left;--awb-hover-color:#f9f9f9;--awb-border-color:#cccccc;--awb-background-color:#ffffff;--awb-divider-color:#e0dede;--awb-divider-hover-color:#e0dede;--awb-icon-color:#ffffff;--awb-title-color:#333333;--awb-content-color:#747474;--awb-icon-box-color:#333333;--awb-toggle-hover-accent-color:#a0ce4e;--awb-title-font-family:&quot;Antic Slab&quot;;--awb-title-font-weight:400;--awb-title-font-style:normal;--awb-title-font-size:13px;--awb-title-letter-spacing:0px;--awb-title-line-height:1.54;--awb-content-font-family:&quot;PT Sans&quot;;--awb-content-font-style:normal;--awb-content-font-weight:400;\"><div class=\"panel-group fusion-toggle-icon-boxed\" id=\"accordion-88-1\"><div class=\"fusion-panel panel-default panel-53e627586b63a7700 fusion-toggle-has-divider\"><div class=\"panel-heading\"><h4 class=\"panel-title toggle\" id=\"toggle_53e627586b63a7700\"><a aria-expanded=\"false\" aria-controls=\"53e627586b63a7700\" role=\"button\" data-toggle=\"collapse\" data-parent=\"#accordion-88-1\" data-target=\"#53e627586b63a7700\" href=\"#53e627586b63a7700\"><span class=\"fusion-toggle-icon-wrapper\" aria-hidden=\"true\"><i class=\"fa-fusion-box active-icon awb-icon-minus\" aria-hidden=\"true\"><\/i><i class=\"fa-fusion-box inactive-icon awb-icon-plus\" aria-hidden=\"true\"><\/i><\/span><span class=\"fusion-toggle-heading\">Firmantes de la Declaraci\u00f3n de Guadalajara<\/span><\/a><\/h4><\/div><div id=\"53e627586b63a7700\" class=\"panel-collapse collapse \" aria-labelledby=\"toggle_53e627586b63a7700\"><div class=\"panel-body toggle-content fusion-clearfix\">\n<ul>\n<li style=\"text-align: justify;\">Alonso, Armando. ICAMI, Tijuana<\/li>\n<li style=\"text-align: justify;\">Arango, Pablo. Universidad de La Sabana, Colombia<\/li>\n<li style=\"text-align: justify;\">Arias, Facundo. Universidad de Buenos Aires<\/li>\n<li style=\"text-align: justify;\">Artigue, Adriana. CEPLANAF, Mendoza, Argentina<\/li>\n<li style=\"text-align: justify;\">Astarloa, Carolina. Fundaci\u00f3n Argentina para la Mujer<\/li>\n<li style=\"text-align: justify;\">Athi\u00e9, Rosario. Universidad Panamericana, Guadalajara<\/li>\n<li style=\"text-align: justify;\">Ballesteros, Jes\u00fas. Universidad de Valencia<\/li>\n<li style=\"text-align: justify;\">Barcel\u00f3, Manuel. Hospital La Fe, Servei Valencia de Salut<\/li>\n<li style=\"text-align: justify;\">Barrio, Jos\u00e9 Mar\u00eda. Universidad Complutense<\/li>\n<li style=\"text-align: justify;\">Busquets, Maritza. Universidad de los Andes, Chile<\/li>\n<li style=\"text-align: justify;\">Calva, Pilar. Universidad An\u00e1huac<\/li>\n<li style=\"text-align: justify;\">Carrillo, Jorge. Rector Seminario Legi\u00f3n de Cristo, Chile<\/li>\n<li style=\"text-align: justify;\">Casta\u00f1eda, Arturo. Presidente Movimiento Humanista, M\u00e9xico<\/li>\n<li style=\"text-align: justify;\">Cerd\u00e1, Jes\u00fas. Universidad de Tamaulipas<\/li>\n<li style=\"text-align: justify;\">Cuellar, Zoilo. Universidad de La Sabana, Colombia<\/li>\n<li style=\"text-align: justify;\">Cuevas, Aura. Universidad de La Sabana, Colombia<\/li>\n<li style=\"text-align: justify;\">Cavar\u00eda, Marcela. Universidad Panamericana, M\u00e9xico<\/li>\n<li style=\"text-align: justify;\">Coronado, Flor. ACOE, Guatemala<\/li>\n<li style=\"text-align: justify;\">Correa, Arnulfo. Universidad Panamericana, Guadalajara<\/li>\n<li style=\"text-align: justify;\">Costa, Jos\u00e9. Universidad Polit\u00e9cnica de Valencia<\/li>\n<li style=\"text-align: justify;\">Cuellar, Carmen. Universidad de Valencia<\/li>\n<li style=\"text-align: justify;\">Delgado, Cristina. Presidenta Mujeres por la Vida, Argentina.<\/li>\n<li style=\"text-align: justify;\">d\u2019Entremont, Alb\u00e1n. Universidad de Navarra<\/li>\n<li style=\"text-align: justify;\">de Pablos, Juan Carlos. Universidad de Granada<\/li>\n<li style=\"text-align: justify;\">Errazquin, Alicia. Universidad Libre Internacional de las Am\u00e9ricas<\/li>\n<li style=\"text-align: justify;\">Eslava, Euclides. Universidad de La Sabana, Colombia<\/li>\n<li style=\"text-align: justify;\">Felipe, Adelina. Universidad de Valencia<\/li>\n<li style=\"text-align: justify;\">Fern\u00e1ndez, \u00c1lvaro. Hospital Celia S\u00e1nchez, Manzanillo, Granma, Cuba<\/li>\n<li style=\"text-align: justify;\">Fern\u00e1ndez, Fernando. Presidente AEDOS, Madrid<\/li>\n<li style=\"text-align: justify;\">Fern\u00e1ndez, Garrido, Mercedes. Servei Catal\u00e1 de Educacio, Barcelona.<\/li>\n<li style=\"text-align: justify;\">Ferreira, Carlos. Universidad de Valencia<\/li>\n<li style=\"text-align: justify;\">Florist\u00e1n, Alfredo. Universidad de Alcal\u00e1<\/li>\n<li style=\"text-align: justify;\">Fontana, Daniel. IDH, Ministerio de Salud, Provincia de Buenos Aires, Argentina<\/li>\n<li style=\"text-align: justify;\">Fox, Patricia. Asociaci\u00f3n Nacional C\u00edvica Femenina de M\u00e9xico<\/li>\n<li style=\"text-align: justify;\">Gamboa, Gilberto. Universidad de La Sabana, Colombia<\/li>\n<li style=\"text-align: justify;\">Garc\u00eda Carrasco, Jos\u00e9 M. Universidad de Murcia<\/li>\n<li style=\"text-align: justify;\">Garc\u00eda Ruiz, Leopoldo. Universidad Cat\u00f3lica San Antonio<\/li>\n<li style=\"text-align: justify;\">Garc\u00eda Trovato, Maita. Asociaci\u00f3n Nacional de M\u00e9dicos de Per\u00fa<\/li>\n<li style=\"text-align: justify;\">Guerra, Pablo. Universidad de la Rep\u00fablica, Uruguay<\/li>\n<li style=\"text-align: justify;\">Guerra, Rodrigo. Universidad Panamericana, M\u00e9xico<\/li>\n<li style=\"text-align: justify;\">Havelka, Elena. Universidad Cat\u00f3lica de Cuyo<\/li>\n<li style=\"text-align: justify;\">Herrera, Camila. Universidad de La Sabana, Colombia<\/li>\n<li style=\"text-align: justify;\">Hern\u00e1ndez Arriaga, Jorge. Universidad de Guanajuato<\/li>\n<li style=\"text-align: justify;\">Izquierdo, Efra\u00edn. Presidente Procodes Corp., Colombia<\/li>\n<li style=\"text-align: justify;\">Jara, Jos\u00e9. Hospital General Universitario Gregorio Mara\u00f1\u00f3n, Madrid<\/li>\n<li style=\"text-align: justify;\">Jim\u00e9nez, Javier. Universidad de Valencia<\/li>\n<li style=\"text-align: justify;\">Kriskovich, Esteban. Universidad Cat\u00f3lica Nuestra Se\u00f1ora de la Asunci\u00f3n, Paraguay<\/li>\n<li style=\"text-align: justify;\">Kuliga, \u00c9lida. IDH, Ministerio de Salud, Provincia de Buenos Aires, Argentina<\/li>\n<li style=\"text-align: justify;\">Kurz, Juan Alberto. Universidad de Valencia<\/li>\n<li style=\"text-align: justify;\">L\u00f3pez Cambronero, Marcelo. Universidad Cat\u00f3lica San Antonio, Murcia<\/li>\n<li style=\"text-align: justify;\">L\u00f3pez de Llergo, Ana T. Universidad Panamericana, M\u00e9xico<\/li>\n<li style=\"text-align: justify;\">Luque, Elena. Universidad de Navarra<\/li>\n<li style=\"text-align: justify;\">Mancera, Luz. Universidad Panamericana, Guadalajara<\/li>\n<li style=\"text-align: justify;\">Manzo, Carlos. Von Meiding Corp. M\u00e9xico<\/li>\n<li style=\"text-align: justify;\">Mart\u00ednez Ochoa, Luis. Universidad de Valencia<\/li>\n<li style=\"text-align: justify;\">M\u00e9ndez, Pablo. Universidad de La Sabana, Colombia<\/li>\n<li style=\"text-align: justify;\">Montelongo, Patricia. IPADE, Universidad Panamericana, M\u00e9xico<\/li>\n<li style=\"text-align: justify;\">Monterrubio, Eduardo. Universidad An\u00e1huac<\/li>\n<li style=\"text-align: justify;\">Morales, Elena. Universidad Panamericana, Guadalajara<\/li>\n<li style=\"text-align: justify;\">Munilla, Ana Rosa. Presidenta Itsas-Berri, Vitoria<\/li>\n<li style=\"text-align: justify;\">Obiglio, Hugo. Academia Pontificia Pro Vita<\/li>\n<li style=\"text-align: justify;\">Ocampo, Alicia. Universidad Panamericana, Guadalajara<\/li>\n<li style=\"text-align: justify;\">O\u00f1ate, B\u00e1rbara. Universidad Libre Internacional de las Am\u00e9ricas<\/li>\n<li style=\"text-align: justify;\">Peir\u00f3, Salvador. Universidad de Alicante<\/li>\n<li style=\"text-align: justify;\">P\u00e9rez Ad\u00e1n, Jos\u00e9. Universidad de Valencia<\/li>\n<li style=\"text-align: justify;\">P\u00e9rez Benedito, Miguel \u00c1ngel. Universidad de Valencia<\/li>\n<li style=\"text-align: justify;\">Petrino, Eduardo. Universidad Cat\u00f3lica de Cuyo<\/li>\n<li style=\"text-align: justify;\">Pi\u00f1ero, Alberto. Universidad de Valencia<\/li>\n<li style=\"text-align: justify;\">Poveda, Jes\u00fas. Universidad Aut\u00f3noma de Madrid<\/li>\n<li style=\"text-align: justify;\">Renter\u00eda, Teresa. Universidad de Guadalajara<\/li>\n<li style=\"text-align: justify;\">Rynoso, Enrique.. Universidad Panamericana, Guadalajara<\/li>\n<li style=\"text-align: justify;\">Rocha, Eduardo. Universidad de Navarra<\/li>\n<li style=\"text-align: justify;\">Rojas, Roberto. Universidad Panamericana, Guadalajara<\/li>\n<li style=\"text-align: justify;\">Ruiz Abell\u00e1n, Eduardo. Universidad de Alicante<\/li>\n<li style=\"text-align: justify;\">S\u00e1nchez Aranda, Jos\u00e9 J. Universidad de Navarra<\/li>\n<li style=\"text-align: justify;\">S\u00e1nchez Marcos, Fernando. Universidad de Barcelona<\/li>\n<li style=\"text-align: justify;\">S\u00e1nchez Zinny, Gloria. Universidad Austral, Buenos Aires<\/li>\n<li style=\"text-align: justify;\">Sanguineti, Ana M.. Universidad Austral, Buenos Aires<\/li>\n<li style=\"text-align: justify;\">Santamar\u00eda, Luis. Universidad Aut\u00f3noma de Madrid<\/li>\n<li style=\"text-align: justify;\">Sebasti\u00e1n, Jorge. Universidad de Valencia<\/li>\n<li style=\"text-align: justify;\">Schmidt, Ludwig, Universidad Andr\u00e9s Bello, Caracas<\/li>\n<li style=\"text-align: justify;\">Tarasco, Martha. Universidad An\u00e1huac<\/li>\n<li style=\"text-align: justify;\">Trevi\u00f1o, M\u00f3nica. Agrupaci\u00f3n Pol\u00edtica Femenina, M\u00e9xico<\/li>\n<li style=\"text-align: justify;\">Uribe, Marcela. Universidad de La Sabana, Colombia<\/li>\n<li style=\"text-align: justify;\">Villalta, Mario. Universidad Libre Internacional de las Am\u00e9ricas<\/li>\n<\/ul>\n<p style=\"text-align: justify;\"><\/div><\/div><\/div><\/div><\/div><div class=\"fusion-clearfix\"><\/div><\/div><\/div><\/div><\/div><\/p>\n","protected":false},"excerpt":{"rendered":"","protected":false},"author":1,"featured_media":0,"parent":0,"menu_order":0,"comment_status":"closed","ping_status":"closed","template":"","meta":{"footnotes":""},"class_list":["post-88","page","type-page","status-publish","hentry"],"_links":{"self":[{"href":"https:\/\/ulia.org\/ficv\/wp-json\/wp\/v2\/pages\/88","targetHints":{"allow":["GET"]}}],"collection":[{"href":"https:\/\/ulia.org\/ficv\/wp-json\/wp\/v2\/pages"}],"about":[{"href":"https:\/\/ulia.org\/ficv\/wp-json\/wp\/v2\/types\/page"}],"author":[{"embeddable":true,"href":"https:\/\/ulia.org\/ficv\/wp-json\/wp\/v2\/users\/1"}],"replies":[{"embeddable":true,"href":"https:\/\/ulia.org\/ficv\/wp-json\/wp\/v2\/comments?post=88"}],"version-history":[{"count":4,"href":"https:\/\/ulia.org\/ficv\/wp-json\/wp\/v2\/pages\/88\/revisions"}],"predecessor-version":[{"id":970,"href":"https:\/\/ulia.org\/ficv\/wp-json\/wp\/v2\/pages\/88\/revisions\/970"}],"wp:attachment":[{"href":"https:\/\/ulia.org\/ficv\/wp-json\/wp\/v2\/media?parent=88"}],"curies":[{"name":"wp","href":"https:\/\/api.w.org\/{rel}","templated":true}]}}