{"id":694,"date":"2016-03-29T01:04:49","date_gmt":"2016-03-29T01:04:49","guid":{"rendered":"http:\/\/ulia.org\/ficv\/?page_id=694"},"modified":"2017-04-11T16:36:12","modified_gmt":"2017-04-11T16:36:12","slug":"um-dialogo-latino-americano-bioetica-documento-de-aparecida","status":"publish","type":"page","link":"https:\/\/ulia.org\/ficv\/um-dialogo-latino-americano-bioetica-documento-de-aparecida\/","title":{"rendered":"Um di\u00e1logo latino-americano: Bio\u00e9tica &#038; Documento de Aparecida"},"content":{"rendered":"<div class=\"fusion-fullwidth fullwidth-box fusion-builder-row-1 nonhundred-percent-fullwidth non-hundred-percent-height-scrolling\" style=\"--awb-background-position:left top;--awb-border-radius-top-left:0px;--awb-border-radius-top-right:0px;--awb-border-radius-bottom-right:0px;--awb-border-radius-bottom-left:0px;--awb-padding-top:20px;--awb-padding-bottom:20px;--awb-border-sizes-top:0px;--awb-border-sizes-bottom:0px;--awb-flex-wrap:wrap;\" ><div class=\"fusion-builder-row fusion-row\"><div class=\"fusion-layout-column fusion_builder_column fusion-builder-column-0 fusion_builder_column_1_2 1_2 fusion-one-half fusion-column-first\" style=\"--awb-bg-size:cover;width:48%; margin-right: 4%;\"><div class=\"fusion-column-wrapper fusion-flex-column-wrapper-legacy\"><div class=\"fusion-text fusion-text-1\"><p><a href=\"http:\/\/ulia.org\/ficv\/wp-content\/uploads\/2016\/03\/portada11.jpg\" rel=\"attachment wp-att-695\"><img decoding=\"async\" class=\"aligncenter size-full wp-image-695\" src=\"http:\/\/ulia.org\/ficv\/wp-content\/uploads\/2016\/03\/portada11.jpg\" alt=\"portada11\" width=\"180\" height=\"253\" \/><\/a><\/p>\n<\/div><div class=\"fusion-clearfix\"><\/div><\/div><\/div><div class=\"fusion-layout-column fusion_builder_column fusion-builder-column-1 fusion_builder_column_1_2 1_2 fusion-one-half fusion-column-last\" style=\"--awb-bg-size:cover;width:48%;\"><div class=\"fusion-column-wrapper fusion-flex-column-wrapper-legacy\"><div class=\"fusion-title title fusion-title-1 fusion-title-text fusion-title-size-one\" style=\"--awb-margin-top-small:10px;--awb-margin-right-small:0px;--awb-margin-bottom-small:10px;--awb-margin-left-small:0px;\"><h1 class=\"fusion-title-heading title-heading-left\" style=\"margin:0;\">Um di\u00e1logo latino-americano: Bio\u00e9tica &#038; Documento de Aparecida<\/h1><span class=\"awb-title-spacer\"><\/span><div class=\"title-sep-container\"><div class=\"title-sep sep-double sep-solid\" style=\"border-color:#e0dede;\"><\/div><\/div><\/div><div class=\"fusion-title title fusion-title-2 fusion-sep-none fusion-title-text fusion-title-size-three\" style=\"--awb-margin-top-small:10px;--awb-margin-right-small:0px;--awb-margin-bottom-small:10px;--awb-margin-left-small:0px;\"><h3 class=\"fusion-title-heading title-heading-left\" style=\"margin:0;\"><p align=\"center\"><b><span style=\"font-family: Arial;\">Francisco Javier Le\u00f3n Correa<\/span><\/b><\/p>\n<p align=\"center\"><b><span style=\"font-family: Arial;\">Dalton Luiz de Paula<\/span><\/b><\/p>\n<p align=\"center\"><b><span style=\"font-family: Arial;\">Francisco Borba Ribeiro<\/span><\/b><\/p>\n<p align=\"center\"><b><span style=\"font-family: Arial;\">Francisco Javier Le\u00f3n Correa<\/span><\/b><\/p>\n<p align=\"center\"><b><span style=\"font-family: Arial;\">Joao Carlos Petrini<\/span><\/b><\/p>\n<p align=\"center\"><b><span style=\"font-family: Arial;\">(Organizadores)<\/span><\/b><\/p><\/h3><\/div><div class=\"fusion-clearfix\"><\/div><\/div><\/div><div class=\"fusion-layout-column fusion_builder_column fusion-builder-column-2 fusion_builder_column_1_1 1_1 fusion-one-full fusion-column-first fusion-column-last\" style=\"--awb-bg-size:cover;\"><div class=\"fusion-column-wrapper fusion-flex-column-wrapper-legacy\"><div class=\"fusion-text fusion-text-2\"><p align=\"justify\">Este libro fue elaborado con la confluencia de dos di\u00e1logos posibles y necesarios, uno entre la bio\u00e9tica y la realidad latinoamericana, y el otro entre la doctrina cat\u00f3lica y el pensamiento laico. A partir del Documento de Aparecida, el m\u00e1s importante entre los documentos recientes de la Iglesia latinoamericana, se discute la relaci\u00f3n entre \u00e9tica, sociedad, desigualdades sociales y experiencia religiosa.\u00a0 Escriben profesores del N\u00facleo Fe y Cultura de la Universidade de Sao Paulo, y varios del Centro de Bio\u00e9tica de la Pontificia Universidad Cat\u00f3lica de Chile: Dr. Patricio Ventura-Junc\u00e1, Dr. Luis Jensen, Dra. Beatriz Shand y Prof. Francisco Javier Le\u00f3n.<\/p>\n<p align=\"justify\">\n<p align=\"justify\">\n<p align=\"justify\">N\u00facleo F\u00e9 y Cultura, Pontificia Universidade Cat\u00f3lica de Sao Paulo<\/p>\n<p align=\"justify\">Sao Paulo, 2009<\/p>\n<p align=\"justify\">\n<p align=\"justify\"><span style=\"font-family: Arial;\">I<\/span>SBN: 978-85-7808-045-7<\/p>\n<p align=\"justify\">\n<\/div><div class=\"fusion-clearfix\"><\/div><\/div><\/div><\/div><\/div>\n","protected":false},"excerpt":{"rendered":"","protected":false},"author":1,"featured_media":0,"parent":0,"menu_order":0,"comment_status":"closed","ping_status":"closed","template":"","meta":{"footnotes":""},"class_list":["post-694","page","type-page","status-publish","hentry"],"_links":{"self":[{"href":"https:\/\/ulia.org\/ficv\/wp-json\/wp\/v2\/pages\/694","targetHints":{"allow":["GET"]}}],"collection":[{"href":"https:\/\/ulia.org\/ficv\/wp-json\/wp\/v2\/pages"}],"about":[{"href":"https:\/\/ulia.org\/ficv\/wp-json\/wp\/v2\/types\/page"}],"author":[{"embeddable":true,"href":"https:\/\/ulia.org\/ficv\/wp-json\/wp\/v2\/users\/1"}],"replies":[{"embeddable":true,"href":"https:\/\/ulia.org\/ficv\/wp-json\/wp\/v2\/comments?post=694"}],"version-history":[{"count":2,"href":"https:\/\/ulia.org\/ficv\/wp-json\/wp\/v2\/pages\/694\/revisions"}],"predecessor-version":[{"id":918,"href":"https:\/\/ulia.org\/ficv\/wp-json\/wp\/v2\/pages\/694\/revisions\/918"}],"wp:attachment":[{"href":"https:\/\/ulia.org\/ficv\/wp-json\/wp\/v2\/media?parent=694"}],"curies":[{"name":"wp","href":"https:\/\/api.w.org\/{rel}","templated":true}]}}