{"id":680,"date":"2016-03-29T00:53:51","date_gmt":"2016-03-29T00:53:51","guid":{"rendered":"http:\/\/ulia.org\/ficv\/?page_id=680"},"modified":"2017-04-11T16:36:12","modified_gmt":"2017-04-11T16:36:12","slug":"temas-de-bioetica-social","status":"publish","type":"page","link":"https:\/\/ulia.org\/ficv\/temas-de-bioetica-social\/","title":{"rendered":"TEMAS DE BIO\u00c9TICA SOCIAL"},"content":{"rendered":"<div class=\"fusion-fullwidth fullwidth-box fusion-builder-row-1 nonhundred-percent-fullwidth non-hundred-percent-height-scrolling\" style=\"--awb-background-position:left top;--awb-border-radius-top-left:0px;--awb-border-radius-top-right:0px;--awb-border-radius-bottom-right:0px;--awb-border-radius-bottom-left:0px;--awb-padding-top:20px;--awb-padding-bottom:20px;--awb-border-sizes-top:0px;--awb-border-sizes-bottom:0px;--awb-flex-wrap:wrap;\" ><div class=\"fusion-builder-row fusion-row\"><div class=\"fusion-layout-column fusion_builder_column fusion-builder-column-0 fusion_builder_column_1_2 1_2 fusion-one-half fusion-column-first\" style=\"--awb-bg-size:cover;width:48%; margin-right: 4%;\"><div class=\"fusion-column-wrapper fusion-flex-column-wrapper-legacy\"><div class=\"fusion-text fusion-text-1\"><p><a href=\"http:\/\/ulia.org\/ficv\/wp-content\/uploads\/2016\/03\/portada7.jpg\" rel=\"attachment wp-att-681\"><img decoding=\"async\" class=\"aligncenter size-medium wp-image-681\" src=\"http:\/\/ulia.org\/ficv\/wp-content\/uploads\/2016\/03\/portada7-198x300.jpg\" alt=\"portada7\" width=\"198\" height=\"300\" srcset=\"https:\/\/ulia.org\/ficv\/wp-content\/uploads\/2016\/03\/portada7-198x300.jpg 198w, https:\/\/ulia.org\/ficv\/wp-content\/uploads\/2016\/03\/portada7.jpg 371w\" sizes=\"(max-width: 198px) 100vw, 198px\" \/><\/a><\/p>\n<\/div><div class=\"fusion-clearfix\"><\/div><\/div><\/div><div class=\"fusion-layout-column fusion_builder_column fusion-builder-column-1 fusion_builder_column_1_2 1_2 fusion-one-half fusion-column-last\" style=\"--awb-bg-size:cover;width:48%;\"><div class=\"fusion-column-wrapper fusion-flex-column-wrapper-legacy\"><div class=\"fusion-title title fusion-title-1 fusion-title-text fusion-title-size-one\" style=\"--awb-margin-top-small:10px;--awb-margin-right-small:0px;--awb-margin-bottom-small:10px;--awb-margin-left-small:0px;\"><h1 class=\"fusion-title-heading title-heading-left\" style=\"margin:0;\">TEMAS DE BIO\u00c9TICA SOCIAL<\/h1><span class=\"awb-title-spacer\"><\/span><div class=\"title-sep-container\"><div class=\"title-sep sep-double sep-solid\" style=\"border-color:#e0dede;\"><\/div><\/div><\/div><div class=\"fusion-title title fusion-title-2 fusion-sep-none fusion-title-text fusion-title-size-three\" style=\"--awb-margin-top-small:10px;--awb-margin-right-small:0px;--awb-margin-bottom-small:10px;--awb-margin-left-small:0px;\"><h3 class=\"fusion-title-heading title-heading-left\" style=\"margin:0;\">Francisco Javier Le\u00f3n Correa<\/h3><\/div><div class=\"fusion-clearfix\"><\/div><\/div><\/div><div class=\"fusion-layout-column fusion_builder_column fusion-builder-column-2 fusion_builder_column_1_1 1_1 fusion-one-full fusion-column-first fusion-column-last\" style=\"--awb-bg-size:cover;\"><div class=\"fusion-column-wrapper fusion-flex-column-wrapper-legacy\"><div class=\"fusion-text fusion-text-2\"><p>\u00cdNDICE:<\/p>\n<p>Cap\u00edtulo 1. Propuesta de fundamentos de una Bio\u00e9tica social.<\/p>\n<p>Cap\u00edtulo 2.- Pobreza, vulnerabilidad y calidad de vida en Am\u00e9rica Latina<\/p>\n<p>Cap\u00edtulo 3.- Desigualdades en salud, justicia y bio\u00e9tica<\/p>\n<p>Cap\u00edtulo 4.- Bio\u00e9tica y solidaridad<\/p>\n<p>Cap\u00edtulo 5.- Bio\u00e9tica y desarrollo sustentable<\/p>\n<p>Cap\u00edtulo 6.- Bio\u00e9tica, biopol\u00edtica y pol\u00edticas de salud en Latinoam\u00e9rica<\/p>\n<p>Cap\u00edtulo 7.- Bio\u00e9tica y responsabilidad social de las instituciones de salud<\/p>\n<p>Cap\u00edtulo 8.- Bio\u00e9tica y educaci\u00f3n para la salud<\/p>\n<p>Cap\u00edtulo 9.- Bio\u00e9tica, religi\u00f3n y doctrina social de la Iglesia<\/p>\n<p>Fundaci\u00f3n Interamericana Ciencia y Vida<br \/>\nSantiago de Chile, 2011<\/p>\n<p>N\u00famero: 232 p\u00e1gs.<br \/>\nISBN: 978-956-345-086-6<\/p>\n<\/div><div class=\"fusion-clearfix\"><\/div><\/div><\/div><\/div><\/div>\n","protected":false},"excerpt":{"rendered":"","protected":false},"author":1,"featured_media":0,"parent":0,"menu_order":0,"comment_status":"closed","ping_status":"closed","template":"","meta":{"footnotes":""},"class_list":["post-680","page","type-page","status-publish","hentry"],"_links":{"self":[{"href":"https:\/\/ulia.org\/ficv\/wp-json\/wp\/v2\/pages\/680","targetHints":{"allow":["GET"]}}],"collection":[{"href":"https:\/\/ulia.org\/ficv\/wp-json\/wp\/v2\/pages"}],"about":[{"href":"https:\/\/ulia.org\/ficv\/wp-json\/wp\/v2\/types\/page"}],"author":[{"embeddable":true,"href":"https:\/\/ulia.org\/ficv\/wp-json\/wp\/v2\/users\/1"}],"replies":[{"embeddable":true,"href":"https:\/\/ulia.org\/ficv\/wp-json\/wp\/v2\/comments?post=680"}],"version-history":[{"count":2,"href":"https:\/\/ulia.org\/ficv\/wp-json\/wp\/v2\/pages\/680\/revisions"}],"predecessor-version":[{"id":923,"href":"https:\/\/ulia.org\/ficv\/wp-json\/wp\/v2\/pages\/680\/revisions\/923"}],"wp:attachment":[{"href":"https:\/\/ulia.org\/ficv\/wp-json\/wp\/v2\/media?parent=680"}],"curies":[{"name":"wp","href":"https:\/\/api.w.org\/{rel}","templated":true}]}}