{"id":660,"date":"2016-03-27T01:54:09","date_gmt":"2016-03-27T01:54:09","guid":{"rendered":"http:\/\/ulia.org\/ficv\/?page_id=660"},"modified":"2017-04-11T16:36:13","modified_gmt":"2017-04-11T16:36:13","slug":"la-universidad-en-la-encrucijada","status":"publish","type":"page","link":"https:\/\/ulia.org\/ficv\/la-universidad-en-la-encrucijada\/","title":{"rendered":"LA UNIVERSIDAD EN LA ENCRUCIJADA"},"content":{"rendered":"<div class=\"fusion-fullwidth fullwidth-box fusion-builder-row-1 nonhundred-percent-fullwidth non-hundred-percent-height-scrolling\" style=\"--awb-background-position:left top;--awb-border-radius-top-left:0px;--awb-border-radius-top-right:0px;--awb-border-radius-bottom-right:0px;--awb-border-radius-bottom-left:0px;--awb-padding-top:20px;--awb-padding-bottom:20px;--awb-border-sizes-top:0px;--awb-border-sizes-bottom:0px;--awb-flex-wrap:wrap;\" ><div class=\"fusion-builder-row fusion-row\"><div class=\"fusion-layout-column fusion_builder_column fusion-builder-column-0 fusion_builder_column_1_2 1_2 fusion-one-half fusion-column-first\" style=\"--awb-bg-size:cover;width:48%; margin-right: 4%;\"><div class=\"fusion-column-wrapper fusion-flex-column-wrapper-legacy\"><div class=\"fusion-text fusion-text-1\"><p><a href=\"http:\/\/ulia.org\/ficv\/wp-content\/uploads\/2016\/03\/la-universidad-en-la-encrucijada.gif\" rel=\"attachment wp-att-661\"><img decoding=\"async\" class=\"aligncenter size-full wp-image-661\" src=\"http:\/\/ulia.org\/ficv\/wp-content\/uploads\/2016\/03\/la-universidad-en-la-encrucijada.gif\" alt=\"la universidad en la encrucijada\" width=\"188\" height=\"285\" \/><\/a><\/p>\n<\/div><div class=\"fusion-clearfix\"><\/div><\/div><\/div><div class=\"fusion-layout-column fusion_builder_column fusion-builder-column-1 fusion_builder_column_1_2 1_2 fusion-one-half fusion-column-last\" style=\"--awb-bg-size:cover;width:48%;\"><div class=\"fusion-column-wrapper fusion-flex-column-wrapper-legacy\"><div class=\"fusion-title title fusion-title-1 fusion-title-text fusion-title-size-one\" style=\"--awb-margin-top-small:10px;--awb-margin-right-small:0px;--awb-margin-bottom-small:10px;--awb-margin-left-small:0px;\"><h1 class=\"fusion-title-heading title-heading-left\" style=\"margin:0;\">LA UNIVERSIDAD EN LA ENCRUCIJADA<\/h1><span class=\"awb-title-spacer\"><\/span><div class=\"title-sep-container\"><div class=\"title-sep sep-double sep-solid\" style=\"border-color:#e0dede;\"><\/div><\/div><\/div><div class=\"fusion-title title fusion-title-2 fusion-sep-none fusion-title-text fusion-title-size-three\" style=\"--awb-margin-top-small:10px;--awb-margin-right-small:0px;--awb-margin-bottom-small:10px;--awb-margin-left-small:0px;\"><h3 class=\"fusion-title-heading title-heading-left\" style=\"margin:0;\">Experiencias y propuestas en su compromiso de mejora social.<\/h3><\/div><div class=\"fusion-clearfix\"><\/div><\/div><\/div><div class=\"fusion-layout-column fusion_builder_column fusion-builder-column-2 fusion_builder_column_1_1 1_1 fusion-one-full fusion-column-first fusion-column-last\" style=\"--awb-bg-size:cover;\"><div class=\"fusion-column-wrapper fusion-flex-column-wrapper-legacy\"><div class=\"fusion-text fusion-text-2\"><p style=\"text-align: justify;\"><span style=\"color: #003300; font-family: Tahoma; font-size: small;\"><strong>Rosario Athi\u00e9, F. M. Editores, Guadalajara, Jal. 2000, 257 p\u00e1gs.<\/strong><\/span><\/p>\n<p style=\"text-align: justify;\"><span style=\"color: #003300; font-family: Arial; font-size: small;\">Trece profesores escriben sobre el quehacer universitario con dos claras propuestas: la interdisciplinariedad y la vocaci\u00f3n de servicio. Sobre esto, la universidad sirve a la sociedad y en concreto a la sociedad en la que vive y si la universidad no sirve para su mejora, no sirve para nada. Naturalmente antes habr\u00e1 que ponerse de acuerdo sobrre lo que significa mejora social. Y despu\u00e9s, encontrar una metodolog\u00eda y un estilo de vida universitario acorde con esa idea de mejora social.<\/span><\/p>\n<p style=\"text-align: justify;\"><span style=\"color: #003300; font-family: Arial; font-size: small;\">Respecto de lo primero, la mejora social, el libro asume sin desarrollarlo de modo especifico que no se trata de un aumento del nivel de vida sino de la calidad de vida y que ello viene definido por par\u00e1metros que van m\u00e1s all\u00e1 de la ciencia econ\u00f3mica, o por lo menos de la econom\u00eda est\u00e1ndar. Respecto a lo segundo, el libro y en concreto el cap\u00edtulo de la profesora Rosario Athie, s\u00ed que se posiciona con detalle. Es quiz\u00e1 la parte m\u00e1s brillante del trabajo pues es novedosa, coherente y atrayente.<\/span><\/p>\n<p style=\"text-align: justify;\"><span style=\"color: #003300; font-family: Arial; font-size: small;\">Athie defiende un estilo de vida universitario caracterizado por la gratitud, que es al mismo tiempo una actitud reverencial de quien est\u00e1 al servicio de a quien ama y una actitud de desprendimiento de quien vive solo para quien sirve. Ello tiene una clara traducci\u00f3n fenomenol\u00f3gica: la asunci\u00f3n de la gratuidad en la dispensaci\u00f3n del servicio.<\/span><\/p>\n<p style=\"text-align: justify;\"><span style=\"color: #003300; font-family: Arial; font-size: small;\">Si en alg\u00fan \u00e1mbito debe plasmarse esta concepci\u00f3n del trabajo es en lo que el texto llama el quehacer universitario. La meta se pone en una universidad que ofrezca gratis sus servicios en base a unos universitarios que ofrecen gratis sus conocimientos. Y se est\u00e1 hablando no solo de universidades p\u00fablicas. La cr\u00edtica va naturalmente hacia aquellas instituciones universitarias que pretenden \u00abfuncionar como una empresa\u00bb, no ya en el sentido humanista de la definici\u00f3n de empresa (la provisi\u00f3n de servicios por el bien de a quien se dan y no del que los da) sino en el sentido econ\u00f3mico-reduccionista (la obtenci\u00f3n de beneficios: influencia, dinero o poder).<\/span><\/p>\n<p style=\"text-align: justify;\"><span style=\"color: #003300; font-family: Arial; font-size: small;\">La verdad, como muy bien muestra este libro, si nos creemos la viabilidad de la empresa humanista, hemos de poder mirar a la universidad para confirmar nuestra fe. Y si la universidad no nos muestra lo que buscamos, bien podemos entonces tornarnos en desesperados. Efectivamente si incluso la universidad sucumbe a la cultura consumista, todo estar\u00e1 perdido. Ver que hay universitarios, como los autores de este libro, que quieren hacer una universidad distinta, servicial y ejemplar, anima a creer que efectivamente las cosas pueden ser mejor de lo que son.<\/span><\/p>\n<p><span style=\"color: #003300; font-family: Arial; font-size: small;\">Carmen Salas.<\/span><\/p>\n<\/div><div class=\"fusion-clearfix\"><\/div><\/div><\/div><\/div><\/div>\n","protected":false},"excerpt":{"rendered":"","protected":false},"author":1,"featured_media":0,"parent":0,"menu_order":0,"comment_status":"closed","ping_status":"closed","template":"","meta":{"footnotes":""},"class_list":["post-660","page","type-page","status-publish","hentry"],"_links":{"self":[{"href":"https:\/\/ulia.org\/ficv\/wp-json\/wp\/v2\/pages\/660","targetHints":{"allow":["GET"]}}],"collection":[{"href":"https:\/\/ulia.org\/ficv\/wp-json\/wp\/v2\/pages"}],"about":[{"href":"https:\/\/ulia.org\/ficv\/wp-json\/wp\/v2\/types\/page"}],"author":[{"embeddable":true,"href":"https:\/\/ulia.org\/ficv\/wp-json\/wp\/v2\/users\/1"}],"replies":[{"embeddable":true,"href":"https:\/\/ulia.org\/ficv\/wp-json\/wp\/v2\/comments?post=660"}],"version-history":[{"count":4,"href":"https:\/\/ulia.org\/ficv\/wp-json\/wp\/v2\/pages\/660\/revisions"}],"predecessor-version":[{"id":927,"href":"https:\/\/ulia.org\/ficv\/wp-json\/wp\/v2\/pages\/660\/revisions\/927"}],"wp:attachment":[{"href":"https:\/\/ulia.org\/ficv\/wp-json\/wp\/v2\/media?parent=660"}],"curies":[{"name":"wp","href":"https:\/\/api.w.org\/{rel}","templated":true}]}}