{"id":66,"date":"2016-02-03T01:16:48","date_gmt":"2016-02-03T01:16:48","guid":{"rendered":"http:\/\/ulia.org\/ficv\/?page_id=66"},"modified":"2017-04-11T16:36:15","modified_gmt":"2017-04-11T16:36:15","slug":"declaracion-de-mexico-2000","status":"publish","type":"page","link":"https:\/\/ulia.org\/ficv\/declaracion-de-mexico-2000\/","title":{"rendered":"Declaraci\u00f3n de M\u00e9xico 2000"},"content":{"rendered":"<div class=\"fusion-fullwidth fullwidth-box fusion-builder-row-1 nonhundred-percent-fullwidth non-hundred-percent-height-scrolling\" style=\"--awb-background-position:left top;--awb-border-radius-top-left:0px;--awb-border-radius-top-right:0px;--awb-border-radius-bottom-right:0px;--awb-border-radius-bottom-left:0px;--awb-padding-top:20px;--awb-padding-bottom:20px;--awb-border-sizes-top:0px;--awb-border-sizes-bottom:0px;--awb-flex-wrap:wrap;\" ><div class=\"fusion-builder-row fusion-row\"><div class=\"fusion-layout-column fusion_builder_column fusion-builder-column-0 fusion_builder_column_1_1 1_1 fusion-one-full fusion-column-first fusion-column-last fusion-column-no-min-height\" style=\"--awb-bg-size:cover;--awb-margin-bottom:0px;\"><div class=\"fusion-column-wrapper fusion-flex-column-wrapper-legacy\"><div class=\"fusion-title title fusion-title-1 fusion-title-text fusion-title-size-one\" style=\"--awb-margin-top-small:10px;--awb-margin-right-small:0px;--awb-margin-bottom-small:10px;--awb-margin-left-small:0px;\"><h1 class=\"fusion-title-heading title-heading-left\" style=\"margin:0;\">Declaraci\u00f3n de\u00a0M\u00e9xico<\/h1><span class=\"awb-title-spacer\"><\/span><div class=\"title-sep-container\"><div class=\"title-sep sep-double sep-solid\" style=\"border-color:#e0dede;\"><\/div><\/div><\/div><div class=\"fusion-text fusion-text-1\"><p style=\"text-align: justify;\"><strong><span style=\"color: #006633;\">1.)<\/span><\/strong> Tras una \u00e9poca marcada por la conquista social de los derechos humanos, y aun constatando el largo camino que nos queda por recorrer en su defensa, se hace preciso el discurso sobre los deberes sociales y, m\u00e1s en concreto, la reflexi\u00f3n sobre las necesidades b\u00e1sicas. En un mundo globalizado e interconectado, las necesidades de unos conforman los deberes de otros.<\/p>\n<p style=\"text-align: justify;\">Ha de quedar patente que la dignidad del ser humano necesita reconocimiento y que ha de procurarse con holgura de manera que todos y cada uno dispongamos de la seguridad moral y econ\u00f3mica necesaria para una vida sana y plena. Consideramos que una de las manifestaciones fundamentales de la vida sana y plena es la posibilidad de acceder a los v\u00ednculos sociales que conforman las comunidades humanas. La fluida relaci\u00f3n comunitaria es se\u00f1al de calidad, por ello los poderes p\u00fablicos deber\u00e1n de respetar la autonom\u00eda de las comunidades y sobre todo de las familias como una necesidad b\u00e1sica del ser humano.<\/p>\n<p style=\"text-align: justify;\">La cultura que emana del Siglo XX ha exaltado el protagonismo del individuo. De cara al milenio que ahora se inicia, se hace necesario subrayar tambi\u00e9n la vinculaci\u00f3n entre todos los habitantes del planeta: los del Norte con los del Sur, los de una familia con otra, los lazos que unen y construyen pa\u00edses. En esta tarea se ha de otorgar protagonismo a la sociedad civil.<\/p>\n<p style=\"text-align: justify;\"><strong><span style=\"color: #006633;\">2.)\u00a0<\/span><\/strong>Uno de los problemas m\u00e1s graves del mundo contempor\u00e1neo es la exclusi\u00f3n. En una sociedad que se dice globalizada y en un mundo que ha sido testigo de adelantos t\u00e9cnicos nunca antes imaginados, el desarrollo material contrasta de manera dram\u00e1tica con la lacra moral de la marginaci\u00f3n y de la exclusi\u00f3n. La historia contempor\u00e1nea es testigo de graves e injustas desigualdades entre los seres humanos.<\/p>\n<p style=\"text-align: justify;\">El sigo XX nos deja la memoria de las guerras m\u00e1s mort\u00edferas, de las fronteras m\u00e1s r\u00edgidas y, sobre todo, nos deja la triste herencia de una persecuci\u00f3n nunca antes realizada contra ning\u00fan grupo humano: la efectuada contra los ni\u00f1os no nacidos a trav\u00e9s del aborto. El aborto es la manifestaci\u00f3n emblem\u00e1tica de la exclusi\u00f3n. Si nuestro tiempo agranda la diferencia entre los que tienen y los que no tienen, con el aborto se establece un muro infranqueable entre los que son y aquellos a los que no se les deja ser.<\/p>\n<p style=\"text-align: justify;\">La soluci\u00f3n a los problemas que plantea la exclusi\u00f3n pasa por la reafirmaci\u00f3n social de una cultura de la acogida. En muchos de los pa\u00edses del Nuevo Mundo la acogida deber\u00e1 manifestarse tambi\u00e9n en el reconocimiento a la libre circulaci\u00f3n de personas y en la supresi\u00f3n de todas las pr\u00e1cticas de discriminaci\u00f3n contra la mujer. Una cultura de la acogida es una cultura de la paz.<\/p>\n<p style=\"text-align: justify;\"><strong><span style=\"color: #006633;\">3.)\u00a0<\/span><\/strong>La ciencia tiene un protagonismo irrenunciable en la apuesta de la humanidad por su futuro. De entre los diversos campos cient\u00edficos la gen\u00e9tica debe, si cabe con mayor urgencia, fundamentarse en una s\u00f3lida bio\u00e9tica apoyada en valores sustantivos universales y no coyunturales.<\/p>\n<p style=\"text-align: justify;\">La investigaci\u00f3n cient\u00edfica est\u00e1 al servicio de los pueblos y no al servicio de la misma ciencia y los cient\u00edficos. Rechazamos por tanto, como formas de abuso y opresi\u00f3n, la experimentaci\u00f3n con humanos no consentida ni informada. Defendemos la valiosa aportaci\u00f3n de las gentes de Am\u00e9rica al patrimonio gen\u00e9tico y a la diversidad de la humanidad y apoyamos la libertad de las familias del Nuevo Mundo ante cualquier intento de manipulaci\u00f3n en sus pautas procreativas.<\/p>\n<p style=\"text-align: justify;\">Asimismo, denunciamos de manera en\u00e9rgica el esfuerzo de muchos por mercantilizar la investigaci\u00f3n gen\u00e9tica. Los gobiernos deber\u00e1n establecer claras pol\u00edticas de defensa de la ciudadan\u00eda contra el poder sin responsabilidad que adquieren las multinacionales farmac\u00e9uticas en el dise\u00f1o y comercializaci\u00f3n de f\u00e1rmacos.<\/p>\n<p style=\"text-align: justify;\"><strong><span style=\"color: #006633;\">4.)\u00a0<\/span><\/strong>Am\u00e9rica Latina est\u00e1 siendo v\u00edctima desde hace ya muchos a\u00f1os de pol\u00edticas que no ha dise\u00f1ado. En la conformaci\u00f3n de las campa\u00f1as y acuerdos mundiales la poblaci\u00f3n de Am\u00e9rica Latina es m\u00e1s objeto que sujeto. Particularmente, los pueblos de Am\u00e9rica Latina son objeto de pol\u00edticas globales de las Naciones Unidas en materia de control demogr\u00e1fico.<\/p>\n<p style=\"text-align: justify;\">Nos parece abusiva la imposici\u00f3n sobre nuestros pueblos del criterio de \u201csalud reproductiva\u201d, que ampara la exclusi\u00f3n de nuestros hijos mediante la apolog\u00eda del aborto, y el olvido por parte de los organismos internacionales de la defensa de la vida y de criterios incluyentes alternativos (por ejemplo el derecho al suministro de agua potable y el derecho a la condonaci\u00f3n de la deuda). Defendemos la necesidad de que las pol\u00edticas y campa\u00f1as globales tengan un refrendo democr\u00e1tico que ampare la dignidad de todos los habitantes de nuestra regi\u00f3n y del mundo entero.<\/p>\n<p style=\"text-align: justify;\">En este sentido, las gentes de Am\u00e9rica Latina y sus gobiernos han de recabar el protagonismo mundial que les compete para reformar las Naciones Unidas. Las campa\u00f1as de las Naciones Unidas deben dejar de estar subvencionadas con capitales privados; la labor de las Naciones Unidas debe estar abierta al escrutinio de unos medios de comunicaci\u00f3n genuinamente libres; y las Naciones Unidas debes de convertirse en un organismo respetuoso con los derechos de todos por igual y exigente con los deberes de los que m\u00e1s tienen para los que menos tienen.<\/p>\n<\/div><div class=\"fusion-clearfix\"><\/div><\/div><\/div><div class=\"fusion-layout-column fusion_builder_column fusion-builder-column-1 fusion_builder_column_1_1 1_1 fusion-one-full fusion-column-first fusion-column-last fusion-column-no-min-height\" style=\"--awb-bg-size:cover;--awb-margin-bottom:0px;\"><div class=\"fusion-column-wrapper fusion-flex-column-wrapper-legacy\"><div class=\"accordian fusion-accordian\" style=\"--awb-border-size:1px;--awb-icon-size:16px;--awb-content-font-size:13px;--awb-icon-alignment:left;--awb-hover-color:#f9f9f9;--awb-border-color:#cccccc;--awb-background-color:#ffffff;--awb-divider-color:#e0dede;--awb-divider-hover-color:#e0dede;--awb-icon-color:#ffffff;--awb-title-color:#333333;--awb-content-color:#747474;--awb-icon-box-color:#333333;--awb-toggle-hover-accent-color:#a0ce4e;--awb-title-font-family:&quot;Antic Slab&quot;;--awb-title-font-weight:400;--awb-title-font-style:normal;--awb-title-font-size:13px;--awb-title-letter-spacing:0px;--awb-title-line-height:1.54;--awb-content-font-family:&quot;PT Sans&quot;;--awb-content-font-style:normal;--awb-content-font-weight:400;\"><div class=\"panel-group fusion-toggle-icon-boxed\" id=\"accordion-66-1\"><div class=\"fusion-panel panel-default panel-4db13f96661a80540 fusion-toggle-has-divider\"><div class=\"panel-heading\"><h4 class=\"panel-title toggle\" id=\"toggle_4db13f96661a80540\"><a aria-expanded=\"false\" aria-controls=\"4db13f96661a80540\" role=\"button\" data-toggle=\"collapse\" data-parent=\"#accordion-66-1\" data-target=\"#4db13f96661a80540\" href=\"#4db13f96661a80540\"><span class=\"fusion-toggle-icon-wrapper\" aria-hidden=\"true\"><i class=\"fa-fusion-box active-icon awb-icon-minus\" aria-hidden=\"true\"><\/i><i class=\"fa-fusion-box inactive-icon awb-icon-plus\" aria-hidden=\"true\"><\/i><\/span><span class=\"fusion-toggle-heading\">Firmantes de la Declaraci\u00f3n de Cartagena de Indias<\/span><\/a><\/h4><\/div><div id=\"4db13f96661a80540\" class=\"panel-collapse collapse \" aria-labelledby=\"toggle_4db13f96661a80540\"><div class=\"panel-body toggle-content fusion-clearfix\">\n<ul>\n<li>\n<p style=\"text-align: justify;\">Alvarez Le\u00f3n, Ricardo, Universidad de La Sabana<\/p>\n<p style=\"text-align: justify;\">\n<\/li>\n<li>\n<p style=\"text-align: justify;\">Aparisi, \u00c1ngela, Universidad de Navarra<\/p>\n<p style=\"text-align: justify;\">\n<\/li>\n<li>\n<p style=\"text-align: justify;\">Aquino, Jorge Benjam\u00edn, Universidad de C\u00f3rdoba (Argentina)<\/p>\n<p style=\"text-align: justify;\">\n<\/li>\n<li>\n<p style=\"text-align: justify;\">Arango, Pablo, Universidad de La Sabana<\/p>\n<p style=\"text-align: justify;\">\n<\/li>\n<li>\n<p style=\"text-align: justify;\">Athie, Rosario, Universidad Panamericana de Guadalajara<\/p>\n<p style=\"text-align: justify;\">\n<\/li>\n<li>\n<p style=\"text-align: justify;\">Baisi, Teresa, Universidad Cat\u00f3lica de Argentina<\/p>\n<p style=\"text-align: justify;\">\n<\/li>\n<li>\n<p style=\"text-align: justify;\">Ballesteros, Jes\u00fas, Universidad de Valencia<\/p>\n<p style=\"text-align: justify;\">\n<\/li>\n<li>\n<p style=\"text-align: justify;\">Bosch, Margarita, Universidad Cat\u00f3lica de Argentina<\/p>\n<p style=\"text-align: justify;\">\n<\/li>\n<li>\n<p style=\"text-align: justify;\">Burgraff, Jutta, Universidad de Navarra<\/p>\n<p style=\"text-align: justify;\">\n<\/li>\n<li>\n<p style=\"text-align: justify;\">Cely, Gilberto, Pontificia Universidad Javeriana<\/p>\n<p style=\"text-align: justify;\">\n<\/li>\n<li>\n<p style=\"text-align: justify;\">Cuadros Ojeda, J. Consejo Superior de Investigaciones Cient\u00edficas (Espa\u00f1a)<\/p>\n<p style=\"text-align: justify;\">\n<\/li>\n<li>\n<p style=\"text-align: justify;\">Cuellar, Carmen, Universidad de Valencia<\/p>\n<p style=\"text-align: justify;\">\n<\/li>\n<li>\n<p style=\"text-align: justify;\">D&#8217;Entremont, Alban, Universidad de Navarra<\/p>\n<p style=\"text-align: justify;\">\n<\/li>\n<li>\n<p style=\"text-align: justify;\">De la Borbolla, Juan, Universidad Panamericana de Guadalajara<\/p>\n<p style=\"text-align: justify;\">\n<\/li>\n<li>\n<p style=\"text-align: justify;\">De la Riva, Ignacio, Universidad de Valladolid<\/p>\n<p style=\"text-align: justify;\">\n<\/li>\n<li>\n<p style=\"text-align: justify;\">De Pablos, Juan Carlos, Universidad de Granada<\/p>\n<p style=\"text-align: justify;\">\n<\/li>\n<li>\n<p style=\"text-align: justify;\">Delgado, Marien, Instituto de Desarrollo Comunitario, Espa\u00f1a<\/p>\n<p style=\"text-align: justify;\">\n<\/li>\n<li>\n<p style=\"text-align: justify;\">Del Lago, Juan Jos\u00e9, Sociedad Argentina de \u00c9tica M\u00e9dica y Biol\u00f3gica<\/p>\n<p style=\"text-align: justify;\">\n<\/li>\n<li>\n<p style=\"text-align: justify;\">Di Martino, Alberto, Universidad Cat\u00f3lica de Argentina<\/p>\n<p style=\"text-align: justify;\">\n<\/li>\n<li>\n<p style=\"text-align: justify;\">Donad\u00edo, Mar\u00eda C., Universidad Cat\u00f3lica de Argentina<\/p>\n<p style=\"text-align: justify;\">\n<\/li>\n<li>\n<p style=\"text-align: justify;\">Err\u00e1zquin, Alicia, Universidad Cat\u00f3lica de Argentina<\/p>\n<p style=\"text-align: justify;\">\n<\/li>\n<li>\n<p style=\"text-align: justify;\">Eugui, Josefina, Servicio Vasco de Salud, Vitoria<\/p>\n<p style=\"text-align: justify;\">\n<\/li>\n<li>\n<p style=\"text-align: justify;\">Galvez, Jorge, Universidad de Valencia<\/p>\n<p style=\"text-align: justify;\">\n<\/li>\n<li>\n<p style=\"text-align: justify;\">Gamboa Bernal, G., Universidad del Valle<\/p>\n<p style=\"text-align: justify;\">\n<\/li>\n<li>\n<p style=\"text-align: justify;\">Garrido, Javier, Universidad de Valencia<\/p>\n<p style=\"text-align: justify;\">\n<\/li>\n<li>\n<p style=\"text-align: justify;\">Guerreiro do Estanque, E., Universidad de Coimbra<\/p>\n<p style=\"text-align: justify;\">\n<\/li>\n<li>\n<p style=\"text-align: justify;\">Goltz, Pat, Feminist for Life (of America)<\/p>\n<p style=\"text-align: justify;\">\n<\/li>\n<li>\n<p style=\"text-align: justify;\">G\u00f3mez Paricio, P., Universidad Complutense<\/p>\n<p style=\"text-align: justify;\">\n<\/li>\n<li>\n<p style=\"text-align: justify;\">Gonzalo, Julio, Universidad Autonoma de Madrid<\/p>\n<p style=\"text-align: justify;\">\n<\/li>\n<li>\n<p style=\"text-align: justify;\">Guerra, Pablo, Universidad de la Rep\u00fablica (Uruguay)<\/p>\n<p style=\"text-align: justify;\">\n<\/li>\n<li>\n<p style=\"text-align: justify;\">Guillen, Carlos, Instituto Valenciano de Oncologia<\/p>\n<p style=\"text-align: justify;\">\n<\/li>\n<li>\n<p style=\"text-align: justify;\">Hern\u00e1ndez, Jos\u00e9, Universidad Polit\u00e9cnica de Valencia<\/p>\n<p style=\"text-align: justify;\">\n<\/li>\n<li>\n<p style=\"text-align: justify;\">Jimenez Fortea, Javier, Universidad de Valencia<\/p>\n<p style=\"text-align: justify;\">\n<\/li>\n<li>\n<p style=\"text-align: justify;\">Jim\u00e9nez Ottalengo, Regina, Universidad Nacional Autonoma de M\u00e9xico<\/p>\n<p style=\"text-align: justify;\">\n<\/li>\n<li>\n<p style=\"text-align: justify;\">Leal, Antonio, Consejo Superior de Investigaciones Cient\u00edficas (CSIC)<\/p>\n<p style=\"text-align: justify;\">\n<\/li>\n<li>\n<p style=\"text-align: justify;\">Leon, Francisco, Sociedad Espa\u00f1ola de Bio\u00e9tica<\/p>\n<p style=\"text-align: justify;\">\n<\/li>\n<li>\n<p style=\"text-align: justify;\">Llorens, Enrique, Universidad de Valencia<\/p>\n<p style=\"text-align: justify;\">\n<\/li>\n<li>\n<p style=\"text-align: justify;\">L\u00f3pez Guzm\u00e1n, Jos\u00e9, Universidad de Navarra<\/p>\n<p style=\"text-align: justify;\">\n<\/li>\n<li>\n<p style=\"text-align: justify;\">Manzano, Wilfrido, Universidad Panamericana de Guadalajara<\/p>\n<p style=\"text-align: justify;\">\n<\/li>\n<li>\n<p style=\"text-align: justify;\">Mart\u00ednez, Santiago, Universidad de Navarra<\/p>\n<p style=\"text-align: justify;\">\n<\/li>\n<li>\n<p style=\"text-align: justify;\">Megias Quiros, Jos\u00e9 J., Universidad de C\u00e1diz<\/p>\n<p style=\"text-align: justify;\">\n<\/li>\n<li>\n<p style=\"text-align: justify;\">Merino, Magdalena, Universidad Panamericana de Guadalajara<\/p>\n<p style=\"text-align: justify;\">\n<\/li>\n<li>\n<p style=\"text-align: justify;\">Montelongo de Hitz, Patricia, Universidad Panamericana de M\u00e9xico<\/p>\n<p style=\"text-align: justify;\">\n<\/li>\n<li>\n<p style=\"text-align: justify;\">Morer, Paz, Universidad de La Coru\u00f1a<\/p>\n<p style=\"text-align: justify;\">\n<\/li>\n<li>\n<p style=\"text-align: justify;\">Naranjo, Jos\u00e9, Universidad Andres Bello de Caracas<\/p>\n<p style=\"text-align: justify;\">\n<\/li>\n<li>\n<p style=\"text-align: justify;\">N\u00fanez Garc\u00eda, Javier, Universidad Panamericana de Guadalajara<\/p>\n<p style=\"text-align: justify;\">\n<\/li>\n<li>\n<p style=\"text-align: justify;\">Obiglio, Hugo, Universidad Cat\u00f3lica de Argentina<\/p>\n<p style=\"text-align: justify;\">\n<\/li>\n<li>\n<p style=\"text-align: justify;\">Palafox M\u00e1rquez, Emilio, Universidad Panamericana de Guadalajara<\/p>\n<p style=\"text-align: justify;\">\n<\/li>\n<li>\n<p style=\"text-align: justify;\">Peir\u00f3, Salvador, Universidad de Alicante<\/p>\n<p style=\"text-align: justify;\">\n<\/li>\n<li>\n<p style=\"text-align: justify;\">Pav\u00eda, Carolina, Universidad Cat\u00f3lica de Argentina<\/p>\n<p style=\"text-align: justify;\">\n<\/li>\n<li>\n<p style=\"text-align: justify;\">P\u00e9rez Ad\u00e1n, Jos\u00e9, Universidad de Valencia<\/p>\n<p style=\"text-align: justify;\">\n<\/li>\n<li>\n<p style=\"text-align: justify;\">Picos, Arturo, Universidad Panamericana de M\u00e9xico<\/p>\n<p style=\"text-align: justify;\">\n<\/li>\n<li>\n<p style=\"text-align: justify;\">Piscitelli, Alejandro, Universidad Austral<\/p>\n<p style=\"text-align: justify;\">\n<\/li>\n<li>Ponce, Jos\u00e9 M., Universidad de Alcala de Henares\n<p style=\"text-align: justify;\">\n<\/li>\n<li>\n<p style=\"text-align: justify;\">Pons, Juan Jos\u00e9, Universidad de Navarra<\/p>\n<p style=\"text-align: justify;\">\n<\/li>\n<li>\n<p style=\"text-align: justify;\">Poveda, Jes\u00fas, Universidad Autonoma de Madrid<\/p>\n<p style=\"text-align: justify;\">\n<\/li>\n<li>\n<p style=\"text-align: justify;\">Renteria, Mar\u00eda Teresa, Universidad de Guadalajara<\/p>\n<p style=\"text-align: justify;\">\n<\/li>\n<li>\n<p style=\"text-align: justify;\">Ribes, \u00c1ngel, Universidad de Valencia<\/p>\n<p style=\"text-align: justify;\">\n<\/li>\n<li>\n<p style=\"text-align: justify;\">Rodr\u00edguez, Luis Ricardo, Universidad de Costa Rica<\/p>\n<p style=\"text-align: justify;\">\n<\/li>\n<li>\n<p style=\"text-align: justify;\">Rojas, Roberto, Universidad Panamericana de Guadalajara<\/p>\n<p style=\"text-align: justify;\">\n<\/li>\n<li>\n<p style=\"text-align: justify;\">Ruiz Abellan, Eduardo, Universidad de Alicante<\/p>\n<p style=\"text-align: justify;\">\n<\/li>\n<li>\n<p style=\"text-align: justify;\">Ruiz San Roman, Jose Antonio, Universidad Complutense<\/p>\n<p style=\"text-align: justify;\">\n<\/li>\n<li>\n<p style=\"text-align: justify;\">Salazar, Pablo Andr\u00e9s, Universidad de La Sabana<\/p>\n<p style=\"text-align: justify;\">\n<\/li>\n<li>\n<p style=\"text-align: justify;\">S\u00e1nchez, Antonio, Universidad de Valencia<\/p>\n<p style=\"text-align: justify;\">\n<\/li>\n<li>\n<p style=\"text-align: justify;\">Serna, Pedro, Universidad de La Coru\u00f1a<\/p>\n<p style=\"text-align: justify;\">\n<\/li>\n<li>\n<p style=\"text-align: justify;\">Tomas, Gloria, Universidad Cat\u00f3lica San Antonio de Murcia<\/p>\n<p style=\"text-align: justify;\">\n<\/li>\n<li>\n<p style=\"text-align: justify;\">Velez, Amparo, Universidad de La Sabana<\/p>\n<p style=\"text-align: justify;\"><\/div><\/div><\/div><\/div><\/div><div class=\"fusion-clearfix\"><\/div><\/div><\/div><\/div><\/div>\n<\/li>\n<\/ul>\n","protected":false},"excerpt":{"rendered":"","protected":false},"author":1,"featured_media":0,"parent":0,"menu_order":0,"comment_status":"closed","ping_status":"closed","template":"","meta":{"footnotes":""},"class_list":["post-66","page","type-page","status-publish","hentry"],"_links":{"self":[{"href":"https:\/\/ulia.org\/ficv\/wp-json\/wp\/v2\/pages\/66","targetHints":{"allow":["GET"]}}],"collection":[{"href":"https:\/\/ulia.org\/ficv\/wp-json\/wp\/v2\/pages"}],"about":[{"href":"https:\/\/ulia.org\/ficv\/wp-json\/wp\/v2\/types\/page"}],"author":[{"embeddable":true,"href":"https:\/\/ulia.org\/ficv\/wp-json\/wp\/v2\/users\/1"}],"replies":[{"embeddable":true,"href":"https:\/\/ulia.org\/ficv\/wp-json\/wp\/v2\/comments?post=66"}],"version-history":[{"count":4,"href":"https:\/\/ulia.org\/ficv\/wp-json\/wp\/v2\/pages\/66\/revisions"}],"predecessor-version":[{"id":974,"href":"https:\/\/ulia.org\/ficv\/wp-json\/wp\/v2\/pages\/66\/revisions\/974"}],"wp:attachment":[{"href":"https:\/\/ulia.org\/ficv\/wp-json\/wp\/v2\/media?parent=66"}],"curies":[{"name":"wp","href":"https:\/\/api.w.org\/{rel}","templated":true}]}}