{"id":461,"date":"2016-02-07T18:40:20","date_gmt":"2016-02-07T18:40:20","guid":{"rendered":"http:\/\/ulia.org\/ficv\/?page_id=461"},"modified":"2017-04-11T16:36:13","modified_gmt":"2017-04-11T16:36:13","slug":"ponencias-madrid-2013","status":"publish","type":"page","link":"https:\/\/ulia.org\/ficv\/ponencias-madrid-2013\/","title":{"rendered":"Ponencias Madrid 2013"},"content":{"rendered":"<div class=\"fusion-fullwidth fullwidth-box fusion-builder-row-1 nonhundred-percent-fullwidth non-hundred-percent-height-scrolling\" style=\"--awb-background-position:left top;--awb-border-radius-top-left:0px;--awb-border-radius-top-right:0px;--awb-border-radius-bottom-right:0px;--awb-border-radius-bottom-left:0px;--awb-padding-top:20px;--awb-padding-bottom:20px;--awb-border-sizes-top:0px;--awb-border-sizes-bottom:0px;--awb-flex-wrap:wrap;\" ><div class=\"fusion-builder-row fusion-row\"><div class=\"fusion-layout-column fusion_builder_column fusion-builder-column-0 fusion_builder_column_1_1 1_1 fusion-one-full fusion-column-first fusion-column-last\" style=\"--awb-bg-size:cover;\"><div class=\"fusion-column-wrapper fusion-flex-column-wrapper-legacy\"><div class=\"fusion-reading-box-container reading-box-container-1\" style=\"--awb-title-color:#333333;--awb-margin-top:0px;--awb-margin-bottom:3px;\"><div class=\"reading-box\" style=\"background-color:#f6f6f6;border-width:1px;border-color:#f6f6f6;border-bottom-width:3px;border-bottom-color:var(--primary_color);border-style:solid;\"><a class=\"button fusion-button button-green fusion-button-default-size button-default-size button-flat fusion-desktop-button fusion-tagline-button continue fusion-desktop-button-margin continue-right\" style=\"-webkit-box-shadow:none;-moz-box-shadow:none;box-shadow:none;border-radius:2px 2px 2px 2px\" href=\"http:\/\/ulia.org\/ficv\/wp-content\/uploads\/2016\/02\/la-comprension-de-los-valores.doc\" target=\"_blank\" rel=\"noopener noreferrer\"><span>Descargar Archivo<\/span><\/a><h2>La comprensi\u00f3n de los valores para el desarrollo humano, y de la ciencia y la tecnolog\u00eda<\/h2><div class=\"reading-box-description fusion-reading-box-additional\">Autor: Ana Teresa L\u00f3pez de Llergo<\/div><div class=\"fusion-clearfix\"><\/div><a class=\"button fusion-button button-green fusion-button-default-size button-default-size button-flat fusion-mobile-button continue-right\" style=\"-webkit-box-shadow:none;-moz-box-shadow:none;box-shadow:none;border-radius:2px 2px 2px 2px\" href=\"http:\/\/ulia.org\/ficv\/wp-content\/uploads\/2016\/02\/la-comprension-de-los-valores.doc\" target=\"_blank\" rel=\"noopener noreferrer\"><span>Descargar Archivo<\/span><\/a><\/div><\/div><div class=\"fusion-reading-box-container reading-box-container-2\" style=\"--awb-title-color:#333333;--awb-margin-top:3px;--awb-margin-bottom:3px;\"><div class=\"reading-box\" style=\"background-color:#f6f6f6;border-width:1px;border-color:#f6f6f6;border-bottom-width:3px;border-bottom-color:var(--primary_color);border-style:solid;\"><a class=\"button fusion-button button-green fusion-button-default-size button-default-size button-flat fusion-desktop-button fusion-tagline-button continue fusion-desktop-button-margin continue-right\" style=\"-webkit-box-shadow:none;-moz-box-shadow:none;box-shadow:none;border-radius:2px 2px 2px 2px\" href=\"http:\/\/ulia.org\/ficv\/wp-content\/uploads\/2016\/02\/L_mites_ticos_en_la_empresa_de_cambiar_al_hombre_d-1.pdf\" target=\"_blank\" rel=\"noopener noreferrer\"><span>Descargar Archivo<\/span><\/a><h2>L\u00edmites \u00e9ticos en 'la empresa de cambiar al hombre'<\/h2><div class=\"reading-box-description fusion-reading-box-additional\">Autor: Hugo O. M. Obiglio<\/div><div class=\"fusion-clearfix\"><\/div><a class=\"button fusion-button button-green fusion-button-default-size button-default-size button-flat fusion-mobile-button continue-right\" style=\"-webkit-box-shadow:none;-moz-box-shadow:none;box-shadow:none;border-radius:2px 2px 2px 2px\" href=\"http:\/\/ulia.org\/ficv\/wp-content\/uploads\/2016\/02\/L_mites_ticos_en_la_empresa_de_cambiar_al_hombre_d-1.pdf\" target=\"_blank\" rel=\"noopener noreferrer\"><span>Descargar Archivo<\/span><\/a><\/div><\/div><div class=\"fusion-reading-box-container reading-box-container-3\" style=\"--awb-title-color:#333333;--awb-margin-top:3px;--awb-margin-bottom:3px;\"><div class=\"reading-box\" style=\"background-color:#f6f6f6;border-width:1px;border-color:#f6f6f6;border-bottom-width:3px;border-bottom-color:var(--primary_color);border-style:solid;\"><a class=\"button fusion-button button-green fusion-button-default-size button-default-size button-flat fusion-desktop-button fusion-tagline-button continue fusion-desktop-button-margin continue-right\" style=\"-webkit-box-shadow:none;-moz-box-shadow:none;box-shadow:none;border-radius:2px 2px 2px 2px\" href=\"http:\/\/ulia.org\/ficv\/wp-content\/uploads\/2016\/02\/La-apuesta-por-la-libertad-y-el-rigor-en-los-modelos-alternativos-a-la-educaci\u00f3n-estatal.doc\" target=\"_blank\" rel=\"noopener noreferrer\"><span>Descargar Archivo<\/span><\/a><h2>La apuesta por la libertad y el rigor en los modelos alternativos a la educaci\u00f3n estatal: experiencias did\u00e1cticas desde el Homeschooling<\/h2><div class=\"reading-box-description fusion-reading-box-additional\">Autor: Santiago Ruiz de Temi\u00f1o<\/div><div class=\"fusion-clearfix\"><\/div><a class=\"button fusion-button button-green fusion-button-default-size button-default-size button-flat fusion-mobile-button continue-right\" style=\"-webkit-box-shadow:none;-moz-box-shadow:none;box-shadow:none;border-radius:2px 2px 2px 2px\" href=\"http:\/\/ulia.org\/ficv\/wp-content\/uploads\/2016\/02\/La-apuesta-por-la-libertad-y-el-rigor-en-los-modelos-alternativos-a-la-educaci\u00f3n-estatal.doc\" target=\"_blank\" rel=\"noopener noreferrer\"><span>Descargar Archivo<\/span><\/a><\/div><\/div><div class=\"fusion-reading-box-container reading-box-container-4\" style=\"--awb-title-color:#333333;--awb-margin-top:3px;--awb-margin-bottom:3px;\"><div class=\"reading-box\" style=\"background-color:#f6f6f6;border-width:1px;border-color:#f6f6f6;border-bottom-width:3px;border-bottom-color:var(--primary_color);border-style:solid;\"><a class=\"button fusion-button button-green fusion-button-default-size button-default-size button-flat fusion-desktop-button fusion-tagline-button continue fusion-desktop-button-margin continue-right\" style=\"-webkit-box-shadow:none;-moz-box-shadow:none;box-shadow:none;border-radius:2px 2px 2px 2px\" href=\"http:\/\/ulia.org\/ficv\/wp-content\/uploads\/2016\/02\/FORMACI\u00d3N-MORAL-Y-SISTEMA-EDUCATIVO.-EDUCACI\u00d3N-PARA-LA-CIUDADAN\u00cdA.-EDUCACI\u00d3N-PARA-LA-CIUDADAN\u00cdA.-EDUCACI\u00d3N-PARA-LA-CIUDADAN\u00cdA.doc\" target=\"_blank\" rel=\"noopener noreferrer\"><span>Descargar Archivo<\/span><\/a><h2>Formaci\u00f3n moral y sistema educativo. (Educaci\u00f3n para la ciudadan\u00eda; una experiencia espa\u00f1ola)<\/h2><div class=\"reading-box-description fusion-reading-box-additional\">Autor: Jos\u00e9 M\u00aa Mart\u00ed<\/div><div class=\"fusion-clearfix\"><\/div><a class=\"button fusion-button button-green fusion-button-default-size button-default-size button-flat fusion-mobile-button continue-right\" style=\"-webkit-box-shadow:none;-moz-box-shadow:none;box-shadow:none;border-radius:2px 2px 2px 2px\" href=\"http:\/\/ulia.org\/ficv\/wp-content\/uploads\/2016\/02\/FORMACI\u00d3N-MORAL-Y-SISTEMA-EDUCATIVO.-EDUCACI\u00d3N-PARA-LA-CIUDADAN\u00cdA.-EDUCACI\u00d3N-PARA-LA-CIUDADAN\u00cdA.-EDUCACI\u00d3N-PARA-LA-CIUDADAN\u00cdA.doc\" target=\"_blank\" rel=\"noopener noreferrer\"><span>Descargar Archivo<\/span><\/a><\/div><\/div><div class=\"fusion-reading-box-container reading-box-container-5\" style=\"--awb-title-color:#333333;--awb-margin-top:3px;--awb-margin-bottom:3px;\"><div class=\"reading-box\" style=\"background-color:#f6f6f6;border-width:1px;border-color:#f6f6f6;border-bottom-width:3px;border-bottom-color:var(--primary_color);border-style:solid;\"><a class=\"button fusion-button button-green fusion-button-default-size button-default-size button-flat fusion-desktop-button fusion-tagline-button continue fusion-desktop-button-margin continue-right\" style=\"-webkit-box-shadow:none;-moz-box-shadow:none;box-shadow:none;border-radius:2px 2px 2px 2px\" href=\"http:\/\/ulia.org\/ficv\/wp-content\/uploads\/2016\/02\/Econom\u00eda-y-desarrollo-humano-para-congreso-1.pdf\" target=\"_blank\" rel=\"noopener noreferrer\"><span>Descargar Archivo<\/span><\/a><h2>Econom\u00eda y Desarrollo Humano<\/h2><div class=\"reading-box-description fusion-reading-box-additional\">Autor: Enrique Lluch Frechina<\/div><div class=\"fusion-clearfix\"><\/div><a class=\"button fusion-button button-green fusion-button-default-size button-default-size button-flat fusion-mobile-button continue-right\" style=\"-webkit-box-shadow:none;-moz-box-shadow:none;box-shadow:none;border-radius:2px 2px 2px 2px\" href=\"http:\/\/ulia.org\/ficv\/wp-content\/uploads\/2016\/02\/Econom\u00eda-y-desarrollo-humano-para-congreso-1.pdf\" target=\"_blank\" rel=\"noopener noreferrer\"><span>Descargar Archivo<\/span><\/a><\/div><\/div><div class=\"fusion-reading-box-container reading-box-container-6\" style=\"--awb-title-color:#333333;--awb-margin-top:3px;--awb-margin-bottom:3px;\"><div class=\"reading-box\" style=\"background-color:#f6f6f6;border-width:1px;border-color:#f6f6f6;border-bottom-width:3px;border-bottom-color:var(--primary_color);border-style:solid;\"><a class=\"button fusion-button button-green fusion-button-default-size button-default-size button-flat fusion-desktop-button fusion-tagline-button continue fusion-desktop-button-margin continue-right\" style=\"-webkit-box-shadow:none;-moz-box-shadow:none;box-shadow:none;border-radius:2px 2px 2px 2px\" href=\"http:\/\/ulia.org\/ficv\/wp-content\/uploads\/2016\/02\/Es-\u00e9tica-la-manipulaci\u00f3n-y-el-dise\u00f1o-gen\u00e9tico-en-el-hombrev2Corregida-1.pdf\" target=\"_blank\" rel=\"noopener noreferrer\"><span>Descargar Archivo<\/span><\/a><h2>\u00bfEs \u00e9tica la manipulaci\u00f3n y el dise\u00f1o gen\u00e9tico en el hombre?<\/h2><div class=\"reading-box-description fusion-reading-box-additional\">Autor: Nicol\u00e1s Jouve de la Barreda<\/div><div class=\"fusion-clearfix\"><\/div><a class=\"button fusion-button button-green fusion-button-default-size button-default-size button-flat fusion-mobile-button continue-right\" style=\"-webkit-box-shadow:none;-moz-box-shadow:none;box-shadow:none;border-radius:2px 2px 2px 2px\" href=\"http:\/\/ulia.org\/ficv\/wp-content\/uploads\/2016\/02\/Es-\u00e9tica-la-manipulaci\u00f3n-y-el-dise\u00f1o-gen\u00e9tico-en-el-hombrev2Corregida-1.pdf\" target=\"_blank\" rel=\"noopener noreferrer\"><span>Descargar Archivo<\/span><\/a><\/div><\/div><div class=\"fusion-reading-box-container reading-box-container-7\" style=\"--awb-title-color:#333333;--awb-margin-top:3px;--awb-margin-bottom:3px;\"><div class=\"reading-box\" style=\"background-color:#f6f6f6;border-width:1px;border-color:#f6f6f6;border-bottom-width:3px;border-bottom-color:var(--primary_color);border-style:solid;\"><a class=\"button fusion-button button-green fusion-button-default-size button-default-size button-flat fusion-desktop-button fusion-tagline-button continue fusion-desktop-button-margin continue-right\" style=\"-webkit-box-shadow:none;-moz-box-shadow:none;box-shadow:none;border-radius:2px 2px 2px 2px\" href=\"http:\/\/ulia.org\/ficv\/wp-content\/uploads\/2016\/02\/Radicalidad-del-Humanismo-de-Rafael-Alvira-Bel\u00e9n-Moncada-Durruti.pdf\" target=\"_blank\" rel=\"noopener noreferrer\"><span>Descargar Archivo<\/span><\/a><h2>El humanismo radical de Rafael Alvira<\/h2><div class=\"reading-box-description fusion-reading-box-additional\">Autor: Bel\u00e9n Moncada<\/div><div class=\"fusion-clearfix\"><\/div><a class=\"button fusion-button button-green fusion-button-default-size button-default-size button-flat fusion-mobile-button continue-right\" style=\"-webkit-box-shadow:none;-moz-box-shadow:none;box-shadow:none;border-radius:2px 2px 2px 2px\" href=\"http:\/\/ulia.org\/ficv\/wp-content\/uploads\/2016\/02\/Radicalidad-del-Humanismo-de-Rafael-Alvira-Bel\u00e9n-Moncada-Durruti.pdf\" target=\"_blank\" rel=\"noopener noreferrer\"><span>Descargar Archivo<\/span><\/a><\/div><\/div><div class=\"fusion-reading-box-container reading-box-container-8\" style=\"--awb-title-color:#333333;--awb-margin-top:3px;--awb-margin-bottom:3px;\"><div class=\"reading-box\" style=\"background-color:#f6f6f6;border-width:1px;border-color:#f6f6f6;border-bottom-width:3px;border-bottom-color:var(--primary_color);border-style:solid;\"><a class=\"button fusion-button button-green fusion-button-default-size button-default-size button-flat fusion-desktop-button fusion-tagline-button continue fusion-desktop-button-margin continue-right\" style=\"-webkit-box-shadow:none;-moz-box-shadow:none;box-shadow:none;border-radius:2px 2px 2px 2px\" href=\"http:\/\/ulia.org\/ficv\/wp-content\/uploads\/2016\/02\/Fe-Ciencia-y-Bio\u00e9tica-v.2.docx\" target=\"_blank\" rel=\"noopener noreferrer\"><span>Descargar Archivo<\/span><\/a><h2>Fe, ciencia y Bio\u00e9tica<\/h2><div class=\"reading-box-description fusion-reading-box-additional\">Autor: Ludwig Schmidt<\/div><div class=\"fusion-clearfix\"><\/div><a class=\"button fusion-button button-green fusion-button-default-size button-default-size button-flat fusion-mobile-button continue-right\" style=\"-webkit-box-shadow:none;-moz-box-shadow:none;box-shadow:none;border-radius:2px 2px 2px 2px\" href=\"http:\/\/ulia.org\/ficv\/wp-content\/uploads\/2016\/02\/Fe-Ciencia-y-Bio\u00e9tica-v.2.docx\" target=\"_blank\" rel=\"noopener noreferrer\"><span>Descargar Archivo<\/span><\/a><\/div><\/div><div class=\"fusion-reading-box-container reading-box-container-9\" style=\"--awb-title-color:#333333;--awb-margin-top:3px;--awb-margin-bottom:3px;\"><div class=\"reading-box\" style=\"background-color:#f6f6f6;border-width:1px;border-color:#f6f6f6;border-bottom-width:3px;border-bottom-color:var(--primary_color);border-style:solid;\"><a class=\"button fusion-button button-green fusion-button-default-size button-default-size button-flat fusion-desktop-button fusion-tagline-button continue fusion-desktop-button-margin continue-right\" style=\"-webkit-box-shadow:none;-moz-box-shadow:none;box-shadow:none;border-radius:2px 2px 2px 2px\" href=\"http:\/\/ulia.org\/ficv\/wp-content\/uploads\/2016\/02\/LA-SUPUESTA-RACIONALIDAD-DE-LA-EDUCACI\u00d2N-PARA-LA-SALUD-REPRODUCTIVA.docx\" target=\"_blank\" rel=\"noopener noreferrer\"><span>Descargar Archivo<\/span><\/a><h2>La supuesta racionalidad de la educaci\u00f3n para la salud sexual y reproductiva en Am\u00e9rica Latina<\/h2><div class=\"reading-box-description fusion-reading-box-additional\">Autor: Neldy Mendoza<\/div><div class=\"fusion-clearfix\"><\/div><a class=\"button fusion-button button-green fusion-button-default-size button-default-size button-flat fusion-mobile-button continue-right\" style=\"-webkit-box-shadow:none;-moz-box-shadow:none;box-shadow:none;border-radius:2px 2px 2px 2px\" href=\"http:\/\/ulia.org\/ficv\/wp-content\/uploads\/2016\/02\/LA-SUPUESTA-RACIONALIDAD-DE-LA-EDUCACI\u00d2N-PARA-LA-SALUD-REPRODUCTIVA.docx\" target=\"_blank\" rel=\"noopener noreferrer\"><span>Descargar Archivo<\/span><\/a><\/div><\/div><div class=\"fusion-reading-box-container reading-box-container-10\" style=\"--awb-title-color:#333333;--awb-margin-top:3px;--awb-margin-bottom:3px;\"><div class=\"reading-box\" style=\"background-color:#f6f6f6;border-width:1px;border-color:#f6f6f6;border-bottom-width:3px;border-bottom-color:var(--primary_color);border-style:solid;\"><a class=\"button fusion-button button-green fusion-button-default-size button-default-size button-flat fusion-desktop-button fusion-tagline-button continue fusion-desktop-button-margin continue-right\" style=\"-webkit-box-shadow:none;-moz-box-shadow:none;box-shadow:none;border-radius:2px 2px 2px 2px\" href=\"http:\/\/ulia.org\/ficv\/wp-content\/uploads\/2016\/02\/R-Athie-ULIA-2013.doc\" target=\"_blank\" rel=\"noopener noreferrer\"><span>Descargar Archivo<\/span><\/a><h2>Instrucci\u00f3n de la solidaridad frente a instrucci\u00f3n por la eficiencia<\/h2><div class=\"reading-box-description fusion-reading-box-additional\">Autor: Rosario Athie<\/div><div class=\"fusion-clearfix\"><\/div><a class=\"button fusion-button button-green fusion-button-default-size button-default-size button-flat fusion-mobile-button continue-right\" style=\"-webkit-box-shadow:none;-moz-box-shadow:none;box-shadow:none;border-radius:2px 2px 2px 2px\" href=\"http:\/\/ulia.org\/ficv\/wp-content\/uploads\/2016\/02\/R-Athie-ULIA-2013.doc\" target=\"_blank\" rel=\"noopener noreferrer\"><span>Descargar Archivo<\/span><\/a><\/div><\/div><div class=\"fusion-reading-box-container reading-box-container-11\" style=\"--awb-title-color:#333333;--awb-margin-top:3px;--awb-margin-bottom:3px;\"><div class=\"reading-box\" style=\"background-color:#f6f6f6;border-width:1px;border-color:#f6f6f6;border-bottom-width:3px;border-bottom-color:var(--primary_color);border-style:solid;\"><a class=\"button fusion-button button-green fusion-button-default-size button-default-size button-flat fusion-desktop-button fusion-tagline-button continue fusion-desktop-button-margin continue-right\" style=\"-webkit-box-shadow:none;-moz-box-shadow:none;box-shadow:none;border-radius:2px 2px 2px 2px\" href=\"http:\/\/ulia.org\/ficv\/wp-content\/uploads\/2016\/02\/E.KURZWEIL.pdf\" target=\"_blank\" rel=\"noopener noreferrer\"><span>Descargar Archivo<\/span><\/a><h2>La propuesta de inmortalidad tecnoinducida y el 'totalismo cibern\u00e9tico' de Raymond Kurzweil. Algunas consideraciones antropol\u00f3gicas<\/h2><div class=\"reading-box-description fusion-reading-box-additional\">Autor: Francisco Baciero<\/div><div class=\"fusion-clearfix\"><\/div><a class=\"button fusion-button button-green fusion-button-default-size button-default-size button-flat fusion-mobile-button continue-right\" style=\"-webkit-box-shadow:none;-moz-box-shadow:none;box-shadow:none;border-radius:2px 2px 2px 2px\" href=\"http:\/\/ulia.org\/ficv\/wp-content\/uploads\/2016\/02\/E.KURZWEIL.pdf\" target=\"_blank\" rel=\"noopener noreferrer\"><span>Descargar Archivo<\/span><\/a><\/div><\/div><div class=\"fusion-reading-box-container reading-box-container-12\" style=\"--awb-title-color:#333333;--awb-margin-top:3px;--awb-margin-bottom:3px;\"><div class=\"reading-box\" style=\"background-color:#f6f6f6;border-width:1px;border-color:#f6f6f6;border-bottom-width:3px;border-bottom-color:var(--primary_color);border-style:solid;\"><a class=\"button fusion-button button-green fusion-button-default-size button-default-size button-flat fusion-desktop-button fusion-tagline-button continue fusion-desktop-button-margin continue-right\" style=\"-webkit-box-shadow:none;-moz-box-shadow:none;box-shadow:none;border-radius:2px 2px 2px 2px\" href=\"http:\/\/ulia.org\/ficv\/wp-content\/uploads\/2016\/02\/ALBERT-borrador-ULIA-2013.pdf\" target=\"_blank\" rel=\"noopener noreferrer\"><span>Descargar Archivo<\/span><\/a><h2>Personalismo Biojur\u00eddico<\/h2><div class=\"reading-box-description fusion-reading-box-additional\">Autor: Marta Albert<\/div><div class=\"fusion-clearfix\"><\/div><a class=\"button fusion-button button-green fusion-button-default-size button-default-size button-flat fusion-mobile-button continue-right\" style=\"-webkit-box-shadow:none;-moz-box-shadow:none;box-shadow:none;border-radius:2px 2px 2px 2px\" href=\"http:\/\/ulia.org\/ficv\/wp-content\/uploads\/2016\/02\/ALBERT-borrador-ULIA-2013.pdf\" target=\"_blank\" rel=\"noopener noreferrer\"><span>Descargar Archivo<\/span><\/a><\/div><\/div><div class=\"fusion-clearfix\"><\/div><\/div><\/div><\/div><\/div>\n","protected":false},"excerpt":{"rendered":"","protected":false},"author":1,"featured_media":0,"parent":0,"menu_order":0,"comment_status":"closed","ping_status":"closed","template":"","meta":{"footnotes":""},"class_list":["post-461","page","type-page","status-publish","hentry"],"_links":{"self":[{"href":"https:\/\/ulia.org\/ficv\/wp-json\/wp\/v2\/pages\/461","targetHints":{"allow":["GET"]}}],"collection":[{"href":"https:\/\/ulia.org\/ficv\/wp-json\/wp\/v2\/pages"}],"about":[{"href":"https:\/\/ulia.org\/ficv\/wp-json\/wp\/v2\/types\/page"}],"author":[{"embeddable":true,"href":"https:\/\/ulia.org\/ficv\/wp-json\/wp\/v2\/users\/1"}],"replies":[{"embeddable":true,"href":"https:\/\/ulia.org\/ficv\/wp-json\/wp\/v2\/comments?post=461"}],"version-history":[{"count":2,"href":"https:\/\/ulia.org\/ficv\/wp-json\/wp\/v2\/pages\/461\/revisions"}],"predecessor-version":[{"id":943,"href":"https:\/\/ulia.org\/ficv\/wp-json\/wp\/v2\/pages\/461\/revisions\/943"}],"wp:attachment":[{"href":"https:\/\/ulia.org\/ficv\/wp-json\/wp\/v2\/media?parent=461"}],"curies":[{"name":"wp","href":"https:\/\/api.w.org\/{rel}","templated":true}]}}