{"id":168,"date":"2016-02-03T20:12:05","date_gmt":"2016-02-03T20:12:05","guid":{"rendered":"http:\/\/ulia.org\/ficv\/?page_id=168"},"modified":"2017-04-11T16:36:14","modified_gmt":"2017-04-11T16:36:14","slug":"declaracion-de-madrid-2013","status":"publish","type":"page","link":"https:\/\/ulia.org\/ficv\/declaracion-de-madrid-2013\/","title":{"rendered":"Declaraci\u00f3n de Madrid 2013"},"content":{"rendered":"<p><div class=\"fusion-fullwidth fullwidth-box fusion-builder-row-1 hundred-percent-fullwidth non-hundred-percent-height-scrolling\" style=\"--awb-border-radius-top-left:0px;--awb-border-radius-top-right:0px;--awb-border-radius-bottom-right:0px;--awb-border-radius-bottom-left:0px;--awb-overflow:visible;--awb-flex-wrap:wrap;\" ><div class=\"fusion-builder-row fusion-row\"><div class=\"fusion-layout-column fusion_builder_column fusion-builder-column-0 fusion_builder_column_1_1 1_1 fusion-one-full fusion-column-first fusion-column-last fusion-column-no-min-height\" style=\"--awb-bg-size:cover;--awb-margin-bottom:0px;\"><div class=\"fusion-column-wrapper fusion-flex-column-wrapper-legacy\"><div class=\"fusion-text fusion-text-1\"><p style=\"text-align: justify;\">\n<\/div><div class=\"fusion-clearfix\"><\/div><\/div><\/div><\/div><\/div><div class=\"fusion-fullwidth fullwidth-box fusion-builder-row-2 nonhundred-percent-fullwidth non-hundred-percent-height-scrolling\" style=\"--awb-background-position:left top;--awb-border-radius-top-left:0px;--awb-border-radius-top-right:0px;--awb-border-radius-bottom-right:0px;--awb-border-radius-bottom-left:0px;--awb-padding-top:20px;--awb-padding-bottom:20px;--awb-border-sizes-top:0px;--awb-border-sizes-bottom:0px;--awb-flex-wrap:wrap;\" ><div class=\"fusion-builder-row fusion-row\"><div class=\"fusion-layout-column fusion_builder_column fusion-builder-column-1 fusion_builder_column_1_1 1_1 fusion-one-full fusion-column-first fusion-column-last fusion-column-no-min-height\" style=\"--awb-bg-size:cover;--awb-margin-bottom:0px;\"><div class=\"fusion-column-wrapper fusion-flex-column-wrapper-legacy\"><div class=\"fusion-title title fusion-title-1 fusion-title-text fusion-title-size-one\" style=\"--awb-margin-top-small:10px;--awb-margin-right-small:0px;--awb-margin-bottom-small:10px;--awb-margin-left-small:0px;\"><h1 class=\"fusion-title-heading title-heading-left\" style=\"margin:0;\">Declaraci\u00f3n de Madrid<\/h1><span class=\"awb-title-spacer\"><\/span><div class=\"title-sep-container\"><div class=\"title-sep sep-double sep-solid\" style=\"border-color:#e0dede;\"><\/div><\/div><\/div><div class=\"fusion-text fusion-text-2\"><p class=\"Estilo5\" align=\"justify\">Reunidos en la ciudad de Madrid en el XVIII Congreso Internacional Ciencia y Vida con el fin de reflexionar sobre \u201cCiencia, humanismos y posthumanismos\u201d y uni\u00e9ndonos al esp\u00edritu de las declaraciones de Bogot\u00e1, Asunci\u00f3n, Caracas, Guatemala, Valencia, Canc\u00fan, Montevideo, Quer\u00e9taro, Buenos Aires, San Jos\u00e9, M\u00e9xico, Cartagena y Guadalajara, con \u00e1nimo de contribuir a la comprensi\u00f3n cient\u00edfica del ser humano y su contexto y preocupados por el aumento de poder que el desarrollo tecnol\u00f3gico otorga a individuos e instituciones que sin respeto a la vida humana pretenden condicionar su futuro y dise\u00f1ar nuevas realidades al albur de sus personales designios e intereses,<\/p>\n<h3 class=\"Estilo5\" align=\"justify\"><span style=\"color: #006633;\">PROCLAMAMOS:<\/span><\/h3>\n<ol>\n<li>\n<p class=\"Estilo5\" align=\"justify\"><b>La urgencia de proteger el quehacer cient\u00edfico de la aspiraci\u00f3n de poder que pretende controlar, cuando no dise\u00f1ar, la vida de los dem\u00e1s<\/b>. El respeto incondicional a cada vida humana, sea cual sea su condici\u00f3n y fase de desarrollo es una premisa b\u00e1sica de todo progreso. A la ciencia, como a la pol\u00edtica o al ejercicio de cualquier profesi\u00f3n, deben brindarse las seguridades y protecci\u00f3n necesarias para que su funci\u00f3n no sea usurpada por intereses econ\u00f3micos o por designios manipuladores que muchas veces tienen como se\u00f1a de identidad \u00a0la banalizaci\u00f3n y menosprecio de la vida indefensa, no aut\u00f3noma, o en proyecto.<\/p>\n<\/li>\n<li>\n<p class=\"Estilo5\" align=\"justify\"><b>La necesidad de cambiar el modo como percibimos el progreso y desarrollo humanos<\/b>. La inclusi\u00f3n del enfoque de la privaci\u00f3n \u00a0debe ser uno de los puntos b\u00e1sicos en la medici\u00f3n comparativa de logros y carencias. En este sentido abogamos por centrar la atenci\u00f3n en los m\u00e1s desfavorecidos con criterios de m\u00e1xima inclusi\u00f3n y alejarnos de valoraciones conglomerativas basadas en la riqueza a la hora de medir la calidad de vida, excelencia, o nivel de desarrollo de los colectivos humanos.<\/p>\n<\/li>\n<li>\n<p class=\"Estilo5\" align=\"justify\"><b>La pertinencia de alertar sobre las posibilidades reales de deshumanizaci\u00f3n con que amenazan ciertas modas y ficciones cient\u00edficas.<\/b> No podemos ignorar que tras la aparente bondad que pretende regalar derechos a animales naturales o artificiales, a robots, o a nuevas especies superiores de humanos manipulados artificialmente, se esconde un peligro real para la vida humana real tal y como la conocemos con su libertad constitutiva y modo de ser.<\/p>\n<\/li>\n<li>\n<p class=\"Estilo5\" align=\"justify\">\u00a0<b>La conveniencia de establecer un tribunal penal internacional ante el que los que experimentan con vidas humanas, las usan como medio de producci\u00f3n, o simplemente las destruyen en las fases iniciales de su desarrollo, rindan cuentas.<\/b> Se hace necesario acabar con la impunidad con que operan ciertos cient\u00edficos, m\u00e9dicos y sanitarios, destruyendo y manipulando seres humanos al amparo de leyes permisivas o de vac\u00edos legales. Ante ello los pa\u00edses que defienden la vida humana deben reaccionar. De igual modo que ciertos dictadores se cuidan muy mucho de viajar a algunos lugares por miedo a su detenci\u00f3n, los que atentan contra el ser humano, independientemente de que su actividad sea permitida en su pa\u00eds de origen, deben saber que no est\u00e1n exentos de ser llevados a juicio ante una corte internacional.<\/p>\n<\/li>\n<li>\n<p class=\"Estilo5\" align=\"justify\"><b>La defensa con nuevo vigor de normas que garanticen la transparencia en la investigaci\u00f3n y la pluralidad educativa.<\/b> Muchas de las acciones que amenazan la existencia y pervivencia del sujeto humano, est\u00e1n originadas en monopolios econ\u00f3micos o pol\u00edticos que aspiran a uniformar la vida para dominarla. Ante ello conviene diversificar la escuela y dar la m\u00e1xima transparencia al laboratorio con el objeto de educar en y para la libertad y de investigar con y por responsabilidad. Al efecto tambi\u00e9n ser\u00e1 necesario arbitrar las soluciones pertinentes para que los abusos perpetrados hasta ahora con la manipulaci\u00f3n in vitro de humanos no genere disfunciones sociales futuras y se protejan, cuiden y velen sus v\u00edctimas.<\/p>\n<\/li>\n<li>\n<p class=\"Estilo5\" align=\"justify\">Por \u00faltimo, abogamos, <b>porque se d\u00e9 relevancia p\u00fablica, social y pol\u00edtica al humanismo<\/b>. Parece que hemos olvidado que nosotros somos mucho m\u00e1s que un conjunto de determinaciones gen\u00e9ticas. A nuestra ciencia le falta alma. En este sentido ser\u00e1 conveniente fomentar espacios de reflexi\u00f3n y di\u00e1logo para que la academia desempe\u00f1e \u00e9se \u00e1mbito de amor desinteresado al conocimiento y al saber, que es en definitiva un amor al ser humano.<\/p>\n<\/li>\n<\/ol>\n<p class=\"Estilo5\" align=\"justify\">En Madrid a 25 de Julio de 2013.<\/p>\n<p>&nbsp;<\/p>\n<p>&nbsp;<\/p>\n<\/div><div class=\"fusion-clearfix\"><\/div><\/div><\/div><\/div><\/div><\/p>\n","protected":false},"excerpt":{"rendered":"","protected":false},"author":1,"featured_media":0,"parent":0,"menu_order":0,"comment_status":"closed","ping_status":"closed","template":"","meta":{"footnotes":""},"class_list":["post-168","page","type-page","status-publish","hentry"],"_links":{"self":[{"href":"https:\/\/ulia.org\/ficv\/wp-json\/wp\/v2\/pages\/168","targetHints":{"allow":["GET"]}}],"collection":[{"href":"https:\/\/ulia.org\/ficv\/wp-json\/wp\/v2\/pages"}],"about":[{"href":"https:\/\/ulia.org\/ficv\/wp-json\/wp\/v2\/types\/page"}],"author":[{"embeddable":true,"href":"https:\/\/ulia.org\/ficv\/wp-json\/wp\/v2\/users\/1"}],"replies":[{"embeddable":true,"href":"https:\/\/ulia.org\/ficv\/wp-json\/wp\/v2\/comments?post=168"}],"version-history":[{"count":2,"href":"https:\/\/ulia.org\/ficv\/wp-json\/wp\/v2\/pages\/168\/revisions"}],"predecessor-version":[{"id":961,"href":"https:\/\/ulia.org\/ficv\/wp-json\/wp\/v2\/pages\/168\/revisions\/961"}],"wp:attachment":[{"href":"https:\/\/ulia.org\/ficv\/wp-json\/wp\/v2\/media?parent=168"}],"curies":[{"name":"wp","href":"https:\/\/api.w.org\/{rel}","templated":true}]}}