{"id":162,"date":"2016-02-03T20:09:15","date_gmt":"2016-02-03T20:09:15","guid":{"rendered":"http:\/\/ulia.org\/ficv\/?page_id=162"},"modified":"2017-04-11T16:36:14","modified_gmt":"2017-04-11T16:36:14","slug":"declaracion-de-caracas-2010","status":"publish","type":"page","link":"https:\/\/ulia.org\/ficv\/declaracion-de-caracas-2010\/","title":{"rendered":"Declaraci\u00f3n de Caracas 2010"},"content":{"rendered":"<p><div class=\"fusion-fullwidth fullwidth-box fusion-builder-row-1 hundred-percent-fullwidth non-hundred-percent-height-scrolling\" style=\"--awb-border-radius-top-left:0px;--awb-border-radius-top-right:0px;--awb-border-radius-bottom-right:0px;--awb-border-radius-bottom-left:0px;--awb-overflow:visible;--awb-flex-wrap:wrap;\" ><div class=\"fusion-builder-row fusion-row\"><div class=\"fusion-layout-column fusion_builder_column fusion-builder-column-0 fusion_builder_column_1_1 1_1 fusion-one-full fusion-column-first fusion-column-last fusion-column-no-min-height\" style=\"--awb-bg-size:cover;--awb-margin-bottom:0px;\"><div class=\"fusion-column-wrapper fusion-flex-column-wrapper-legacy\"><div class=\"fusion-text fusion-text-1\"><p style=\"text-align: justify;\">\n<\/div><div class=\"fusion-clearfix\"><\/div><\/div><\/div><\/div><\/div><div class=\"fusion-fullwidth fullwidth-box fusion-builder-row-2 nonhundred-percent-fullwidth non-hundred-percent-height-scrolling\" style=\"--awb-background-position:left top;--awb-border-radius-top-left:0px;--awb-border-radius-top-right:0px;--awb-border-radius-bottom-right:0px;--awb-border-radius-bottom-left:0px;--awb-padding-top:20px;--awb-padding-bottom:20px;--awb-border-sizes-top:0px;--awb-border-sizes-bottom:0px;--awb-flex-wrap:wrap;\" ><div class=\"fusion-builder-row fusion-row\"><div class=\"fusion-layout-column fusion_builder_column fusion-builder-column-1 fusion_builder_column_1_1 1_1 fusion-one-full fusion-column-first fusion-column-last fusion-column-no-min-height\" style=\"--awb-bg-size:cover;--awb-margin-bottom:0px;\"><div class=\"fusion-column-wrapper fusion-flex-column-wrapper-legacy\"><div class=\"fusion-title title fusion-title-1 fusion-title-text fusion-title-size-one\" style=\"--awb-margin-top-small:10px;--awb-margin-right-small:0px;--awb-margin-bottom-small:10px;--awb-margin-left-small:0px;\"><h1 class=\"fusion-title-heading title-heading-left\" style=\"margin:0;\">Declaraci\u00f3n de Caracas<\/h1><span class=\"awb-title-spacer\"><\/span><div class=\"title-sep-container\"><div class=\"title-sep sep-double sep-solid\" style=\"border-color:#e0dede;\"><\/div><\/div><\/div><div class=\"fusion-text fusion-text-2\"><p>Reunidos en Caracas, los d\u00edas 22 y 23 de julio de 2010, en el marco del XV Congreso Internacional \u201cCiencia y vida\u201d, auspiciado por la fundaci\u00f3n del mismo nombre bajo la hospitalidad de la Universidad Monte\u00e1vila, los profesores y alumnos de la Universidad Libre Internacional de las Am\u00e9ricas, junto con los dem\u00e1s participantes inscritos en el Congreso,<\/p>\n<h3><strong><span style=\"color: #006633;\">DECLARAMOS<\/span><\/strong><\/h3>\n<p>Que asistimos actualmente, en muchos lugares del mundo, al ejercicio de un poder sin referencias a la verdad profunda del ser humano; vemos tambi\u00e9n c\u00f3mo ese poder se vuelve contra el propio hombre, como lo manifiestan actitudes, filosof\u00edas, legislaciones y actuaciones crecientemente contrarias a la vida humana, especialmente la m\u00e1s d\u00e9bil.<\/p>\n<p>Ante situaciones tan graves, queremos reclamar de la comunidad cient\u00edfica, pol\u00edtica, econ\u00f3mica y familiar el ejercicio de sus responsabilidades, de acuerdo con las siguientes seis l\u00edneas de acci\u00f3n:<\/p>\n<ul>\n<li>Exigir una educaci\u00f3n integral de los profesionales sanitarios, que les haga conscientes de las implicaciones humanas de su trabajo, de modo que su toma de decisiones no se circunscriba solo a la racionalidad cient\u00edfico-t\u00e9cnica.<\/li>\n<\/ul>\n<p>&nbsp;<\/p>\n<ul>\n<li>Recuperar la dimensi\u00f3n servicial de las profesiones biom\u00e9dicas frente a las amenazas de su mercantilizaci\u00f3n o instrumentalizaci\u00f3n ideol\u00f3gica. Para ello, urge crear marcos que fomenten una investigaci\u00f3n y una pr\u00e1ctica m\u00e9dicas concebidas como servicio a todas las personas.<\/li>\n<\/ul>\n<p>&nbsp;<\/p>\n<ul>\n<li>Poner de relieve que para la atenci\u00f3n sanitaria es necesario el reconocimiento, no solo del sujeto individual, sino tambi\u00e9n del sujeto colectivo, al que debe prestarse atenci\u00f3n a la hora de dise\u00f1ar y practicar pol\u00edticas de salud p\u00fablica.<\/li>\n<\/ul>\n<p>&nbsp;<\/p>\n<ul>\n<li>Denunciar la intromisi\u00f3n del \u00e1mbito p\u00fablico en los entornos privados, sobre todo en las decisiones que implican la atenci\u00f3n sanitaria en las etapas primeras y \u00faltimas de la vida, como son las que se reflejan en legislaciones abortistas o de terminaci\u00f3n artificial de la vida.<\/li>\n<\/ul>\n<p>&nbsp;<\/p>\n<ul>\n<li>Fomentar la participaci\u00f3n de los profesionales de la salud y de todos los implicados en la reflexi\u00f3n sobre la bio\u00e9tica, en los espacios p\u00fablicos, los medios de comunicaci\u00f3n y la vida pol\u00edtica, para asegurar la concepci\u00f3n finalista de la vida humana. Ninguna vida humana puede ser un medio para nada ni para nadie.<\/li>\n<\/ul>\n<p>&nbsp;<\/p>\n<ul>\n<li>Reclamar una cobertura de m\u00e1ximos para la objeci\u00f3n de conciencia, conscientes de su papel irremplazable como testimonio de que el orden legal no es la \u00faltima instancia reguladora de la existencia humana.<\/li>\n<\/ul>\n<p>Para llevar a cabo estas tareas, llamamos a la colaboraci\u00f3n de personas y organizaciones, especialmente de las universidades, sus profesores, investigadores y estudiantes.<\/p>\n<p>&nbsp;<\/p>\n<p>&nbsp;<\/p>\n<p>&nbsp;<\/p>\n<\/div><div class=\"fusion-clearfix\"><\/div><\/div><\/div><\/div><\/div><\/p>\n","protected":false},"excerpt":{"rendered":"","protected":false},"author":1,"featured_media":0,"parent":0,"menu_order":0,"comment_status":"closed","ping_status":"closed","template":"","meta":{"footnotes":""},"class_list":["post-162","page","type-page","status-publish","hentry"],"_links":{"self":[{"href":"https:\/\/ulia.org\/ficv\/wp-json\/wp\/v2\/pages\/162","targetHints":{"allow":["GET"]}}],"collection":[{"href":"https:\/\/ulia.org\/ficv\/wp-json\/wp\/v2\/pages"}],"about":[{"href":"https:\/\/ulia.org\/ficv\/wp-json\/wp\/v2\/types\/page"}],"author":[{"embeddable":true,"href":"https:\/\/ulia.org\/ficv\/wp-json\/wp\/v2\/users\/1"}],"replies":[{"embeddable":true,"href":"https:\/\/ulia.org\/ficv\/wp-json\/wp\/v2\/comments?post=162"}],"version-history":[{"count":2,"href":"https:\/\/ulia.org\/ficv\/wp-json\/wp\/v2\/pages\/162\/revisions"}],"predecessor-version":[{"id":964,"href":"https:\/\/ulia.org\/ficv\/wp-json\/wp\/v2\/pages\/162\/revisions\/964"}],"wp:attachment":[{"href":"https:\/\/ulia.org\/ficv\/wp-json\/wp\/v2\/media?parent=162"}],"curies":[{"name":"wp","href":"https:\/\/api.w.org\/{rel}","templated":true}]}}