{"id":1514,"date":"2025-01-16T16:49:08","date_gmt":"2025-01-16T16:49:08","guid":{"rendered":"https:\/\/ulia.org\/ficv\/?page_id=1514"},"modified":"2025-09-15T09:28:39","modified_gmt":"2025-09-15T09:28:39","slug":"xxvi-congreso-internacional-ciencia-y-vida","status":"publish","type":"page","link":"https:\/\/ulia.org\/ficv\/xxvi-congreso-internacional-ciencia-y-vida\/","title":{"rendered":"XXVI Congreso Internacional Ciencia y Vida"},"content":{"rendered":"<div class=\"wp-block-image\">\n<figure class=\"aligncenter size-full\"><img decoding=\"async\" width=\"581\" height=\"254\" src=\"https:\/\/ulia.org\/ficv\/wp-content\/uploads\/2025\/03\/Captura-removebg-preview.png\" alt=\"\" class=\"wp-image-1564\" srcset=\"https:\/\/ulia.org\/ficv\/wp-content\/uploads\/2025\/03\/Captura-removebg-preview-200x87.png 200w, https:\/\/ulia.org\/ficv\/wp-content\/uploads\/2025\/03\/Captura-removebg-preview-300x131.png 300w, https:\/\/ulia.org\/ficv\/wp-content\/uploads\/2025\/03\/Captura-removebg-preview-400x175.png 400w, https:\/\/ulia.org\/ficv\/wp-content\/uploads\/2025\/03\/Captura-removebg-preview.png 581w\" sizes=\"(max-width: 581px) 100vw, 581px\" \/><\/figure>\n<\/div>\n\n\n<p><div class=\"fusion-fullwidth fullwidth-box fusion-builder-row-1 nonhundred-percent-fullwidth non-hundred-percent-height-scrolling\" style=\"--awb-background-position:left top;--awb-border-radius-top-left:0px;--awb-border-radius-top-right:0px;--awb-border-radius-bottom-right:0px;--awb-border-radius-bottom-left:0px;--awb-padding-top:20px;--awb-padding-bottom:20px;--awb-border-sizes-top:0px;--awb-border-sizes-bottom:0px;--awb-flex-wrap:wrap;\" ><\/div><div class=\"fusion-builder-row fusion-row\"><\/div><div class=\"fusion-layout-column fusion_builder_column fusion-builder-column-0 fusion_builder_column_1_1 1_1 fusion-one-full fusion-column-first fusion-column-last\" style=\"--awb-bg-size:cover;width:100%;\"><div class=\"fusion-column-wrapper fusion-flex-column-wrapper-legacy\"><div class=\"fusion-clearfix\"><\/div><\/div><\/div><div class=\"fusion-title title fusion-title-1 fusion-sep-none fusion-title-text fusion-title-size-one\" style=\"--awb-margin-bottom:0px;--awb-margin-top-small:10px;--awb-margin-right-small:0px;--awb-margin-bottom-small:10px;--awb-margin-left-small:0px;\"><h1 class=\"fusion-title-heading title-heading-left\" style=\"margin:0;\">XXVI Edici\u00f3n del Congreso Ciencia y Vida<\/h1><\/div><div class=\"fusion-title title fusion-title-2 fusion-title-text fusion-title-size-two\" style=\"--awb-margin-top-small:10px;--awb-margin-right-small:0px;--awb-margin-bottom-small:10px;--awb-margin-left-small:0px;\"><h2 class=\"fusion-title-heading title-heading-left\" style=\"margin:0;\">Del&nbsp;24 a 26 de Julio de 2025 en Asunci\u00f3n,  Paraguay.<\/h2><span class=\"awb-title-spacer\"><\/span><div class=\"title-sep-container\"><div class=\"title-sep sep-double sep-solid\" style=\"border-color:#e0dede;\"><\/div><\/div><\/div><\/p>\n\n\n\n<p><\/p>\n\n\n<div class=\"fusion-title title fusion-title-3 fusion-title-text fusion-title-size-two\" style=\"--awb-margin-top-small:10px;--awb-margin-right-small:0px;--awb-margin-bottom-small:10px;--awb-margin-left-small:0px;\"><h2 class=\"fusion-title-heading title-heading-left\" style=\"margin:0;\"><b><i>M\u00c1S ALL\u00c1 DE LA MODERNIDAD: EXPECTATIVAS, PELIGROS Y RETOS<\/i><\/b><\/h2><span class=\"awb-title-spacer\"><\/span><div class=\"title-sep-container\"><div class=\"title-sep sep-double sep-solid\" style=\"border-color:#e0dede;\"><\/div><\/div><\/div>\n\n\n\n<div style=\"height:18px\" aria-hidden=\"true\" class=\"wp-block-spacer\"><\/div>\n\n\n\n<div class=\"wp-block-group\"><div class=\"wp-block-group__inner-container is-layout-constrained wp-block-group-is-layout-constrained\">\n<div class=\"wp-block-group\"><div class=\"wp-block-group__inner-container is-layout-constrained wp-block-group-is-layout-constrained\">\n<div class=\"wp-block-group\"><div class=\"wp-block-group__inner-container is-layout-constrained wp-block-group-is-layout-constrained\">\n<figure class=\"wp-block-gallery has-nested-images columns-default is-cropped wp-block-gallery-1 is-layout-flex wp-block-gallery-is-layout-flex\">\n<figure class=\"wp-block-image size-large is-resized is-style-default\"><a href=\"https:\/\/photos.app.goo.gl\/GbEd74ziEYejc7kQ9\"><img decoding=\"async\" width=\"992\" height=\"1024\" data-id=\"1625\" src=\"https:\/\/ulia.org\/ficv\/wp-content\/uploads\/2025\/08\/0006-992x1024.jpg\" alt=\"\" class=\"wp-image-1625\" style=\"width:256px;height:auto\" srcset=\"https:\/\/ulia.org\/ficv\/wp-content\/uploads\/2025\/08\/0006-200x206.jpg 200w, https:\/\/ulia.org\/ficv\/wp-content\/uploads\/2025\/08\/0006-291x300.jpg 291w, https:\/\/ulia.org\/ficv\/wp-content\/uploads\/2025\/08\/0006-400x413.jpg 400w, https:\/\/ulia.org\/ficv\/wp-content\/uploads\/2025\/08\/0006-600x619.jpg 600w, https:\/\/ulia.org\/ficv\/wp-content\/uploads\/2025\/08\/0006-768x793.jpg 768w, https:\/\/ulia.org\/ficv\/wp-content\/uploads\/2025\/08\/0006-800x826.jpg 800w, https:\/\/ulia.org\/ficv\/wp-content\/uploads\/2025\/08\/0006-992x1024.jpg 992w, https:\/\/ulia.org\/ficv\/wp-content\/uploads\/2025\/08\/0006.jpg 1172w\" sizes=\"(max-width: 992px) 100vw, 992px\" \/><\/a><figcaption class=\"wp-element-caption\"><strong>FOTOS CONGRESO<\/strong><\/figcaption><\/figure>\n\n\n\n<figure class=\"wp-block-image size-large is-resized is-style-default\"><a href=\"https:\/\/photos.app.goo.gl\/XDVi1aVrJm9sanqWA\"><img decoding=\"async\" width=\"1024\" height=\"768\" data-id=\"1627\" src=\"https:\/\/ulia.org\/ficv\/wp-content\/uploads\/2025\/08\/000a-1024x768.jpg\" alt=\"\" class=\"wp-image-1627\" style=\"width:256px;height:auto\" srcset=\"https:\/\/ulia.org\/ficv\/wp-content\/uploads\/2025\/08\/000a-200x150.jpg 200w, https:\/\/ulia.org\/ficv\/wp-content\/uploads\/2025\/08\/000a-300x225.jpg 300w, https:\/\/ulia.org\/ficv\/wp-content\/uploads\/2025\/08\/000a-400x300.jpg 400w, https:\/\/ulia.org\/ficv\/wp-content\/uploads\/2025\/08\/000a-600x450.jpg 600w, https:\/\/ulia.org\/ficv\/wp-content\/uploads\/2025\/08\/000a-768x576.jpg 768w, https:\/\/ulia.org\/ficv\/wp-content\/uploads\/2025\/08\/000a-800x600.jpg 800w, https:\/\/ulia.org\/ficv\/wp-content\/uploads\/2025\/08\/000a-1024x768.jpg 1024w, https:\/\/ulia.org\/ficv\/wp-content\/uploads\/2025\/08\/000a-1200x900.jpg 1200w, https:\/\/ulia.org\/ficv\/wp-content\/uploads\/2025\/08\/000a-1536x1152.jpg 1536w\" sizes=\"(max-width: 1024px) 100vw, 1024px\" \/><\/a><figcaption class=\"wp-element-caption\"><strong>FOTOS CENA<\/strong><\/figcaption><\/figure>\n<\/figure>\n\n\n\n<p><\/p>\n<\/div><\/div>\n\n\n\n<p class=\"has-text-align-left\"><\/p>\n<\/div><\/div>\n<\/div><\/div>\n\n\n\n<div class=\"wp-block-buttons is-horizontal is-content-justification-center is-layout-flex wp-container-core-buttons-is-layout-499968f5 wp-block-buttons-is-layout-flex\">\n<div class=\"wp-block-button\"><a class=\"wp-block-button__link has-background wp-element-button\" href=\"https:\/\/ulia.org\/ficv\/formulario-del-xxvi-congreso-internacional-ciencia-y-vida\/\" style=\"background-color:#188a16\">Formulario de Inscripci\u00f3n<\/a><\/div>\n<\/div>\n\n\n\n<div class=\"wp-block-buttons is-horizontal is-content-justification-center is-layout-flex wp-container-core-buttons-is-layout-499968f5 wp-block-buttons-is-layout-flex\">\n<div class=\"wp-block-button\"><a class=\"wp-block-button__link has-background wp-element-button\" href=\"https:\/\/ulia.org\/ficv\/wp-content\/uploads\/2025\/07\/INFORMACION-GENERAL-CICV-2025.pdf\" style=\"background-color:#188a16\">Informaci\u00f3n General<\/a><\/div>\n<\/div>\n\n\n\n<div style=\"height:10px\" aria-hidden=\"true\" class=\"wp-block-spacer\"><\/div>\n\n\n\n<hr class=\"wp-block-separator has-text-color has-css-opacity has-background alignwide\" style=\"background-color:#008000;color:#008000\"\/>\n\n\n\n<p><strong>Sede<\/strong>: Sala de convenciones del Banco Central del Paraguay<\/p>\n\n\n\n<p><strong><b>Mesas tem\u00e1ticas<\/b><\/strong>:<\/p>\n\n\n\n<p><\/p>\n\n\n\n<p>El 26 CICV centrar\u00e1 sus reflexiones sobre el cambio \u00e9poca a que nos aboca el fin de la modernidad en sus diversas dimensiones y aspectos, desde una perspectiva multidisciplinar. Al efecto se han distribuido las aportaciones, presentaciones y debates en 4 mesas de car\u00e1cter generalista, pero con acento tem\u00e1tico, a saber:&nbsp;<\/p>\n\n\n\n<ol start=\"1\" class=\"wp-block-list\">\n<li>Bio\u00e9tica. Invitamos disertaciones y ponencias sobre las consecuencias de las innovaciones t\u00e9cnicas en el devenir humano en un contexto cultural donde prima el relativismo \u00e9tico. As\u00ed, la personificaci\u00f3n de la rob\u00f3tica, el transhumanismo, la experimentaci\u00f3n, o el dise\u00f1o gen\u00e9tico, entre otros.   <strong><a href=\"https:\/\/ulia.org\/ficv\/wp-content\/uploads\/2025\/09\/Mesa-1.zip\" data-type=\"link\" data-id=\"https:\/\/ulia.org\/ficv\/wp-content\/uploads\/2025\/09\/Mesa-1.zip\">DESCARGAR<\/a><\/strong><\/li>\n\n\n\n<li>Jur\u00eddica. Incorporamos aporte y contenidos sobre los derechos y deberes humanos en el cambio de \u00e9poca. As\u00ed, los nuevos derechos sociales, los deberes humanos, el animalismo, las leyes de aborto y eutanasia frente a la dignidad de la vida humana, o el globalismo legislativo, entre otros.  <strong><a href=\"https:\/\/ulia.org\/ficv\/wp-content\/uploads\/2025\/09\/Mesa-2.zip\" data-type=\"link\" data-id=\"https:\/\/ulia.org\/ficv\/wp-content\/uploads\/2025\/09\/Mesa-2.zip\">DESCARGAR<\/a><\/strong><\/li>\n\n\n\n<li>Fundamentaci\u00f3n. Acogemos intervenciones y aportes sobre las causas y efectos del fin de \u00e9poca. As\u00ed, la crisis del universalismo, el papel de la moral y la religi\u00f3n en las relaciones internacionales, el futuro de la libertad y la crisis de la democracia, o los efectos del incremento de sistemas de poder, entre otros temas.  <strong><a href=\"https:\/\/ulia.org\/ficv\/wp-content\/uploads\/2025\/09\/Mesa-3.zip\" data-type=\"link\" data-id=\"https:\/\/ulia.org\/ficv\/wp-content\/uploads\/2025\/09\/Mesa-3.zip\">DESCARGAR<\/a><\/strong><\/li>\n\n\n\n<li>Aplicaciones. Proponemos diversos escenarios de acogida a los cambios vinientes que hagan m\u00e1s humana la vida a nuestros descendientes. As\u00ed, las posibles soluciones al deterioro ecol\u00f3gico, los debates pol\u00edticos sobre inmigraci\u00f3n y energ\u00eda at\u00f3mica, las nuevas propuestas de medici\u00f3n del desarrollo, o la situaci\u00f3n de la econom\u00eda frente al reto del decrecimiento, entre otros asuntos.&nbsp;  <strong><a href=\"https:\/\/ulia.org\/ficv\/wp-content\/uploads\/2025\/09\/Mesa-4.zip\" data-type=\"link\" data-id=\"https:\/\/ulia.org\/ficv\/wp-content\/uploads\/2025\/09\/Mesa-4.zip\">DESCARGAR<\/a><\/strong><\/li>\n\n\n\n<li>PONENCIAS DIFERENTES:   <strong><a href=\"https:\/\/ulia.org\/ficv\/wp-content\/uploads\/2025\/09\/Territorio-y-dignidad_OMartin.pdf\" data-type=\"link\" data-id=\"https:\/\/ulia.org\/ficv\/wp-content\/uploads\/2025\/09\/Territorio-y-dignidad_OMartin.pdf\">Territorio y Dignidad<\/a><\/strong>      <a href=\"https:\/\/ulia.org\/ficv\/wp-content\/uploads\/2025\/09\/Diseno-inteligencia-artificial_MLeon.pdf\" data-type=\"link\" data-id=\"https:\/\/ulia.org\/ficv\/wp-content\/uploads\/2025\/09\/Diseno-inteligencia-artificial_MLeon.pdf\"><strong>Dise\u00f1o Inteligencia Artificial<\/strong><\/a><\/li>\n<\/ol>\n\n\n\n<p>El CICV cuenta con un comit\u00e9 local, y otro acad\u00e9mico de car\u00e1cter internacional. Cada mesa tem\u00e1tica estar\u00e1 moderada por una persona experta de reconocido perfil acad\u00e9mico.&nbsp; La direcci\u00f3n de correo de correo del congreso es&nbsp;<a href=\"mailto:info@ulia.org\" target=\"_blank\" rel=\"noreferrer noopener\">info@ulia.org<\/a>.<\/p>\n\n\n\n<div class=\"wp-block-buttons is-content-justification-center is-layout-flex wp-container-core-buttons-is-layout-16018d1d wp-block-buttons-is-layout-flex\">\n<div class=\"wp-block-button\"><a class=\"wp-block-button__link has-white-color has-text-color has-background has-link-color wp-element-button\" href=\"https:\/\/ulia.org\/ficv\/wp-content\/uploads\/2025\/07\/XXVI-CONGRESO-INTERNACIONAL-CIENCIA-Y-VIDA-PROGRAMA-FINAL.pdf\" style=\"background-color:#188a16\">Descargar programa<\/a><\/div>\n<\/div>\n\n\n\n<p>Gu\u00eda log\u00edstica para extranjeros, en ella encontrareis diferentes recomendaciones de cara al XXVI Congreso Internacional Ciencia y Vida 24, 25, 26 de julio del<br>2025, Asunci\u00f3n, Paraguay<\/p>\n\n\n\n<div class=\"wp-block-buttons is-content-justification-center is-layout-flex wp-container-core-buttons-is-layout-16018d1d wp-block-buttons-is-layout-flex\">\n<div class=\"wp-block-button\"><a class=\"wp-block-button__link has-background wp-element-button\" href=\"https:\/\/ulia.org\/ficv\/wp-content\/uploads\/2025\/06\/GUIA-LOGISTICA-PARA-INVITADOS-EXTRANJEROS-XXVI-CICV-2025.pdf\" style=\"background-color:#188a16\">Gu\u00eda Logistica<\/a><\/div>\n<\/div>\n\n\n\n<p>Tour Cataratas de Iguaz\u00fa<\/p>\n\n\n\n<div class=\"wp-block-buttons is-content-justification-center is-layout-flex wp-container-core-buttons-is-layout-16018d1d wp-block-buttons-is-layout-flex\">\n<div class=\"wp-block-button\"><a class=\"wp-block-button__link has-background wp-element-button\" href=\"https:\/\/ulia.org\/ficv\/wp-content\/uploads\/2025\/06\/Cataratas-Congreso.pdf\" style=\"background-color:#188a16\">Cataratas Iguaz\u00fa<\/a><\/div>\n<\/div>\n\n\n\n<p>El circuito de oro es una oportunidad para un paseo tradicional que muestra paisajes \u00fanicos, pueblos con encanto. Abarcando los departamentos de Central, Cordillera y Paraguar\u00ed para conocer sitios hist\u00f3ricos y la importancia de los Franciscanos en el Paraguay, reflejada en iglesias, im\u00e1genes y artesan\u00edas.<\/p>\n\n\n\n<div class=\"wp-block-buttons is-content-justification-center is-layout-flex wp-container-core-buttons-is-layout-16018d1d wp-block-buttons-is-layout-flex\">\n<div class=\"wp-block-button\"><a class=\"wp-block-button__link has-background wp-element-button\" href=\"https:\/\/ulia.org\/ficv\/wp-content\/uploads\/2025\/06\/Circuito-Oro-Congreso.pdf\" style=\"background-color:#188a16\">Circuito de oro<\/a><\/div>\n<\/div>\n\n\n\n<p>El XXVI Congreso Internacional Ciencia y Vida centrar\u00e1 sus reflexiones sobre el cambio de \u00e9poca a que nos aboca el fin de la modernidad en sus diversas dimensiones y aspectos, desde una perspectiva multidisciplinar. Al efecto se han distribuido las aportaciones, presentaciones y debates en 4 mesas de car\u00e1cter general, pero con temas espec\u00edficos.<\/p>\n\n\n\n<div class=\"wp-block-buttons is-content-justification-center is-layout-flex wp-container-core-buttons-is-layout-16018d1d wp-block-buttons-is-layout-flex\">\n<div class=\"wp-block-button\"><a class=\"wp-block-button__link has-background wp-element-button\" href=\"https:\/\/ulia.org\/ficv\/wp-content\/uploads\/2025\/07\/GUIA-PARA-PONENTES-Y-COORDINADORES-19-06.pptx\" style=\"background-color:#188a16\">Gu\u00eda Ponentes y Coordinadores<\/a><\/div>\n<\/div>\n\n\n\n<hr class=\"wp-block-separator has-text-color has-css-opacity has-background alignwide\" style=\"background-color:#008000;color:#008000\"\/>\n\n\n\n<p class=\"has-text-color has-large-font-size\" style=\"color:#085a07\"><\/p>\n\n\n\n<hr class=\"wp-block-separator has-text-color has-css-opacity has-background alignwide is-style-default\" style=\"background-color:#008000;color:#008000\"\/>\n\n\n\n<hr class=\"wp-block-separator has-text-color has-css-opacity has-background alignwide is-style-default\" style=\"background-color:#008000;color:#008000\"\/>\n\n\n\n<p><strong>Correspondencia:&nbsp;<a href=\"mailto:jorge.sebastian@ulia.org\" target=\"_blank\" rel=\"noreferrer noopener\">info@ulia.org<\/a><\/strong><\/p>\n\n\n\n<div style=\"height:18px\" aria-hidden=\"true\" class=\"wp-block-spacer\"><\/div>\n\n\n\n<hr class=\"wp-block-separator has-text-color has-css-opacity has-background alignwide is-style-default\" style=\"background-color:#008000;color:#008000\"\/>\n\n\n\n<p><\/p>\n\n\n\n<p><\/p>\n\n\n<p style=\"text-align: center;\">\u00a0 \u00a0 \u00a0 \u00a0 \u00a0 \u00a0 \u00a0 \u00a0 \u00a0 \u00a0 \u00a0 \u00a0 \u00a0 \u00a0 \u00a0 \u00a0 \u00a0 \u00a0 \u00a0 \u00a0 \u00a0 \u00a0 \u00a0 \u00a0 \u00a0 \u00a0 \u00a0 \u00a0 \u00a0 \u00a0 \u00a0 \u00a0 \u00a0 \u00a0 \u00a0 \u00a0 \u00a0 \u00a0 \u00a0 \u00a0 \u00a0 \u00a0 \u00a0 \u00a0 \u00a0 \u00a0 \u00a0 \u00a0<a href=\"http:\/\/ulia.org\"><img decoding=\"async\" class=\"alignleft wp-image-1104\" src=\"https:\/\/ulia.org\/ficv\/wp-content\/uploads\/2018\/02\/Imagotipo-ulia_verde-1024x335.jpg\" alt=\"\" width=\"306\" height=\"107\" \/><\/a><\/p>","protected":false},"excerpt":{"rendered":"<p>Sede: Sala de convenciones del Banco Central del Paraguay Mesas tem\u00e1ticas: El 26 CICV centrar\u00e1 sus reflexiones sobre el cambio \u00e9poca a que nos aboca el fin de la modernidad en sus diversas dimensiones y aspectos, desde una perspectiva multidisciplinar. Al efecto se han distribuido las aportaciones, presentaciones y debates en 4 mesas de car\u00e1cter  [&#8230;]<\/p>\n","protected":false},"author":1,"featured_media":0,"parent":0,"menu_order":0,"comment_status":"closed","ping_status":"closed","template":"","meta":{"footnotes":"[]"},"class_list":["post-1514","page","type-page","status-publish","hentry"],"_links":{"self":[{"href":"https:\/\/ulia.org\/ficv\/wp-json\/wp\/v2\/pages\/1514","targetHints":{"allow":["GET"]}}],"collection":[{"href":"https:\/\/ulia.org\/ficv\/wp-json\/wp\/v2\/pages"}],"about":[{"href":"https:\/\/ulia.org\/ficv\/wp-json\/wp\/v2\/types\/page"}],"author":[{"embeddable":true,"href":"https:\/\/ulia.org\/ficv\/wp-json\/wp\/v2\/users\/1"}],"replies":[{"embeddable":true,"href":"https:\/\/ulia.org\/ficv\/wp-json\/wp\/v2\/comments?post=1514"}],"version-history":[{"count":47,"href":"https:\/\/ulia.org\/ficv\/wp-json\/wp\/v2\/pages\/1514\/revisions"}],"predecessor-version":[{"id":1641,"href":"https:\/\/ulia.org\/ficv\/wp-json\/wp\/v2\/pages\/1514\/revisions\/1641"}],"wp:attachment":[{"href":"https:\/\/ulia.org\/ficv\/wp-json\/wp\/v2\/media?parent=1514"}],"curies":[{"name":"wp","href":"https:\/\/api.w.org\/{rel}","templated":true}]}}