{"id":1498,"date":"2023-08-09T16:00:03","date_gmt":"2023-08-09T16:00:03","guid":{"rendered":"https:\/\/ulia.org\/ficv\/?page_id=1498"},"modified":"2023-08-09T16:00:04","modified_gmt":"2023-08-09T16:00:04","slug":"declaracion-de-morelia-2023","status":"publish","type":"page","link":"https:\/\/ulia.org\/ficv\/declaracion-de-morelia-2023\/","title":{"rendered":"Declaraci\u00f3n de Morelia 2023"},"content":{"rendered":"<p><div class=\"fusion-fullwidth fullwidth-box fusion-builder-row-1 hundred-percent-fullwidth non-hundred-percent-height-scrolling\" style=\"--awb-border-radius-top-left:0px;--awb-border-radius-top-right:0px;--awb-border-radius-bottom-right:0px;--awb-border-radius-bottom-left:0px;--awb-overflow:visible;--awb-flex-wrap:wrap;\" ><div class=\"fusion-builder-row fusion-row\"><div class=\"fusion-layout-column fusion_builder_column fusion-builder-column-0 fusion_builder_column_1_1 1_1 fusion-one-full fusion-column-first fusion-column-last fusion-column-no-min-height\" style=\"--awb-bg-size:cover;--awb-margin-bottom:0px;\"><div class=\"fusion-column-wrapper fusion-flex-column-wrapper-legacy\"><div class=\"fusion-text fusion-text-1\"><\/div><div class=\"fusion-text fusion-text-2\"><\/div><div class=\"fusion-clearfix\"><\/div><\/div><\/div><\/div><\/div><div class=\"fusion-fullwidth fullwidth-box fusion-builder-row-2 nonhundred-percent-fullwidth non-hundred-percent-height-scrolling\" style=\"--awb-background-position:left top;--awb-border-radius-top-left:0px;--awb-border-radius-top-right:0px;--awb-border-radius-bottom-right:0px;--awb-border-radius-bottom-left:0px;--awb-padding-top:20px;--awb-padding-bottom:20px;--awb-border-sizes-top:0px;--awb-border-sizes-bottom:0px;--awb-flex-wrap:wrap;\" ><div class=\"fusion-builder-row fusion-row\"><div class=\"fusion-layout-column fusion_builder_column fusion-builder-column-1 fusion_builder_column_1_1 1_1 fusion-one-full fusion-column-first fusion-column-last fusion-column-no-min-height\" style=\"--awb-bg-size:cover;--awb-margin-bottom:0px;\"><div class=\"fusion-column-wrapper fusion-flex-column-wrapper-legacy\"><div class=\"fusion-title title fusion-title-1 fusion-title-text fusion-title-size-one\" style=\"--awb-margin-top-small:10px;--awb-margin-right-small:0px;--awb-margin-bottom-small:10px;--awb-margin-left-small:0px;\"><h1 class=\"fusion-title-heading title-heading-left\" style=\"margin:0;\">Declaraci\u00f3n de Morelia 2023<\/h1><span class=\"awb-title-spacer\"><\/span><div class=\"title-sep-container\"><div class=\"title-sep sep-double sep-solid\" style=\"border-color:#e0dede;\"><\/div><\/div><\/div><div class=\"fusion-text fusion-text-3\"><p>DECLARACI\u00d3N DE MORELIA<\/p>\n<p>Reunidos en la sede de la Universidad Vasco de Quiroga, con motivo del XXV Congreso Internacional Ciencia y Vida, en torno al tema Civilidad y Ciudadan\u00eda \u00bfEncuentro o Desencuentro?, tras las ponencias, conferencias y debates, y en l\u00ednea con los pronunciamientos program\u00e1ticos de los congresos anteriores, hacemos p\u00fablica esta DECLARACI\u00d3N en la que acordamos:<\/p>\n<p>1.- Recordar a la Academia y a los gobiernos la necesidad de incorporar la sociedad civil, al mismo nivel que el estado y el mercado, en la configuraci\u00f3n de los futuros paradigmas de convivencia a que d\u00e9 luz el fin de la modernidad. Hora es de apostar por la responsabilidad del ciudadano, de confiar en su lealtad y respetar su libertad, para conformar \u00e1mbitos de autogesti\u00f3n m\u00e1s all\u00e1 del mercado y la pol\u00edtica. Los ciudadanos no son s\u00fabditos, sino sujetos de derecho que crean, a su vez, otros sujetos colectivos para los que reclaman su propia autonom\u00eda. Para la etapa cultural en ciernes, los reclamos del neoestatismo hacen peligrar la leg\u00edtima subsidiaridad que debe reservarse al protagonismo de la sociedad civil.<\/p>\n<p>2.- Las emergencias sanitarias o medioambientales reclaman un replanteamiento de la raz\u00f3n de estado para hacer frente a situaciones de excepci\u00f3n que se perpet\u00faen en el tiempo. Ello no debe interpretarse como una vuelta a la afirmaci\u00f3n de la soberan\u00eda pol\u00edtica sobre el resto de soberan\u00edas. Hay que recordar que es la pol\u00edtica la que debe servir a la civilidad y no al rev\u00e9s. Al efecto, deben de acotarse con claridad \u00e1reas de emprendimiento y de desprendimiento de la acci\u00f3n p\u00fablica en cada pa\u00eds que, al tiempo que garanticen seguridad frente a emergencias, liberen energ\u00edas de fines obsoletos en el desempe\u00f1o p\u00fablico, tales como la educaci\u00f3n, la cultura, o la guarda de supuestas memorias colectivas oficiales.<\/p>\n<p>3.- La mayor\u00eda de edad de la sociedad civil apunta retos que deben de ser planteados con claridad y valent\u00eda para que los procesos de cambio epocal se lleven a cabo sin traumas ni desavenencias. El tacto pol\u00edtico y la moderaci\u00f3n son aqu\u00ed, de capital importancia, para garantizar, al mismo tiempo que se afrontan nuevos retos, el emprendimiento liberal, la separaci\u00f3n de poderes, y la descentralizaci\u00f3n. El recurso del estado a insuflar y subvencionar cualquier tipo de nacionalismo para aglutinar m\u00e1s poder, debe verse como el gran inconveniente a batir de cara a los cambios venideros.<\/p>\n<p>4.- Para garantizar la pac\u00edfica transformaci\u00f3n de nuestras sociedades, una atenci\u00f3n particular debe subrayar la importancia de la transversalidad cultural. As\u00ed, la propuesta de fomentar estructuras de virtud en la vida social que posibiliten acuerdos para evitar la disrupci\u00f3n que ocasiona la siempre penosa presencia y efectos de estructuras de maldad. El apoyo, que tanto el estamento civil como el pol\u00edtico, pueden recibir de las iglesias y confesiones religiosas, organizaciones de solidaridad, o asociaciones altruistas, debe valorarse y premiarse. Aqu\u00ed, la vitalidad, libertad, sostenibilidad y autonom\u00eda de la familia ha de verse como la l\u00ednea de transmisi\u00f3n de virtudes colectivas a lo largo y ancho de toda la sociedad.<\/p>\n<p>5.- La defensa de la objeci\u00f3n de conciencia frente a la coerci\u00f3n estatal hay que salvarla en cualquier situaci\u00f3n y circunstancia que pueda considerarse leg\u00edtima. Existe el derecho y el deber de objetar en un contexto donde el poder tiene todos los recursos de imposici\u00f3n. No caben los monopolios de poder en sociedades plurales a las que nos aboca la nueva situaci\u00f3n. Al efecto, la revitalizaci\u00f3n y autonom\u00eda de las organizaciones, colegios y corporaciones profesionales, sindicales, ocupacionales, educativas, comerciales o religiosas, debe ser apoyada para constituir refugios y entornos que puedan otorgar legitimidad, m\u00e1s all\u00e1 de las leyes, al ejercicio responsable de la objeci\u00f3n.<\/p>\n<p>6.- Uno de los grandes obst\u00e1culos a salvar en la configuraci\u00f3n de la nueva etapa cultural es la creciente desigualdad econ\u00f3mica que amenaza la estabilidad de muchos pa\u00edses. No debe verse esta situaci\u00f3n como una excusa para la intervenci\u00f3n del estado en competencias ajenas, bien sean las propias del mercado o de la vida civil. Hay un sector, sin embargo, en el que es necesaria la intervenci\u00f3n p\u00fablica para garantizar un m\u00ednimo de igualdad en los desempe\u00f1os vitales de la poblaci\u00f3n, y ese sector es la sanidad. Garantizar el acceso a los recursos y medios necesarios para mantener una vida sana a toda la poblaci\u00f3n constituye, hoy en d\u00eda, un deber que reclama atenci\u00f3n por parte de cualquier gobierno.<\/p>\n<p>7.- Por \u00faltimo, hacemos un llamado para dotar a la judicatura de capacidad y libertad, de modo que pueda calibrar la evoluci\u00f3n de dogmas, leyes y c\u00f3digos a trav\u00e9s del tiempo, y pueda disponerse a priorizar el derecho sobre la ley injusta. Las emociones colectivas deber\u00e1n valorarse e incorporarse para su reconocimiento y discernimiento en la conformaci\u00f3n de sentencias y pautas punitivas. Ello, no obstante, no debe ser obst\u00e1culo para que se preserve la igualdad ante la ley en circunstancias parejas, y para que se garantice el derecho a la vida en todo momento y situaci\u00f3n como el derecho b\u00e1sico de cualquier sociedad humana.<\/p>\n<p>En Morelia, Michoac\u00e1n, M\u00e9xico, a 5 de agosto de 2023.<\/p>\n<\/div><div class=\"fusion-clearfix\"><\/div><\/div><\/div><\/div><\/div><div class=\"fusion-fullwidth fullwidth-box fusion-builder-row-3 hundred-percent-fullwidth non-hundred-percent-height-scrolling\" style=\"--awb-border-radius-top-left:0px;--awb-border-radius-top-right:0px;--awb-border-radius-bottom-right:0px;--awb-border-radius-bottom-left:0px;--awb-overflow:visible;--awb-flex-wrap:wrap;\" ><div class=\"fusion-builder-row fusion-row\"><div class=\"fusion-layout-column fusion_builder_column fusion-builder-column-2 fusion_builder_column_1_1 1_1 fusion-one-full fusion-column-first fusion-column-last fusion-column-no-min-height\" style=\"--awb-bg-size:cover;--awb-margin-bottom:0px;\"><div class=\"fusion-column-wrapper fusion-flex-column-wrapper-legacy\"><div class=\"fusion-text fusion-text-4\"><\/div><div class=\"fusion-clearfix\"><\/div><\/div><\/div><\/div><\/div><\/p>\n","protected":false},"excerpt":{"rendered":"","protected":false},"author":1,"featured_media":0,"parent":0,"menu_order":0,"comment_status":"closed","ping_status":"closed","template":"","meta":{"footnotes":""},"class_list":["post-1498","page","type-page","status-publish","hentry"],"_links":{"self":[{"href":"https:\/\/ulia.org\/ficv\/wp-json\/wp\/v2\/pages\/1498","targetHints":{"allow":["GET"]}}],"collection":[{"href":"https:\/\/ulia.org\/ficv\/wp-json\/wp\/v2\/pages"}],"about":[{"href":"https:\/\/ulia.org\/ficv\/wp-json\/wp\/v2\/types\/page"}],"author":[{"embeddable":true,"href":"https:\/\/ulia.org\/ficv\/wp-json\/wp\/v2\/users\/1"}],"replies":[{"embeddable":true,"href":"https:\/\/ulia.org\/ficv\/wp-json\/wp\/v2\/comments?post=1498"}],"version-history":[{"count":1,"href":"https:\/\/ulia.org\/ficv\/wp-json\/wp\/v2\/pages\/1498\/revisions"}],"predecessor-version":[{"id":1499,"href":"https:\/\/ulia.org\/ficv\/wp-json\/wp\/v2\/pages\/1498\/revisions\/1499"}],"wp:attachment":[{"href":"https:\/\/ulia.org\/ficv\/wp-json\/wp\/v2\/media?parent=1498"}],"curies":[{"name":"wp","href":"https:\/\/api.w.org\/{rel}","templated":true}]}}