{"id":1372,"date":"2022-12-21T11:24:33","date_gmt":"2022-12-21T11:24:33","guid":{"rendered":"https:\/\/ulia.org\/ficv\/?page_id=1372"},"modified":"2023-08-19T11:16:18","modified_gmt":"2023-08-19T11:16:18","slug":"xxv-cicv","status":"publish","type":"page","link":"https:\/\/ulia.org\/ficv\/xxv-cicv\/","title":{"rendered":"XXV Congreso Internacional Ciencia y Vida"},"content":{"rendered":"\n<p><div class=\"fusion-fullwidth fullwidth-box fusion-builder-row-1 nonhundred-percent-fullwidth non-hundred-percent-height-scrolling\" style=\"--awb-background-position:left top;--awb-border-radius-top-left:0px;--awb-border-radius-top-right:0px;--awb-border-radius-bottom-right:0px;--awb-border-radius-bottom-left:0px;--awb-padding-top:20px;--awb-padding-bottom:20px;--awb-border-sizes-top:0px;--awb-border-sizes-bottom:0px;--awb-flex-wrap:wrap;\" ><\/div><div class=\"fusion-builder-row fusion-row\"><\/div><div class=\"fusion-layout-column fusion_builder_column fusion-builder-column-0 fusion_builder_column_1_1 1_1 fusion-one-full fusion-column-first fusion-column-last\" style=\"--awb-bg-size:cover;width:100%;\"><div class=\"fusion-column-wrapper fusion-flex-column-wrapper-legacy\"><div class=\"fusion-clearfix\"><\/div><\/div><\/div><div class=\"fusion-title title fusion-title-1 fusion-sep-none fusion-title-text fusion-title-size-one\" style=\"--awb-margin-bottom:0px;--awb-margin-top-small:10px;--awb-margin-right-small:0px;--awb-margin-bottom-small:10px;--awb-margin-left-small:0px;\"><h1 class=\"fusion-title-heading title-heading-left\" style=\"margin:0;\">XXV Edici\u00f3n del Congreso Ciencia y Vida<\/h1><\/div><div class=\"fusion-title title fusion-title-2 fusion-title-text fusion-title-size-two\" style=\"--awb-margin-top-small:10px;--awb-margin-right-small:0px;--awb-margin-bottom-small:10px;--awb-margin-left-small:0px;\"><h2 class=\"fusion-title-heading title-heading-left\" style=\"margin:0;\">Del&nbsp;3 a 5 de agosto de 2023 en Morelia, Michoac\u00e1n, M\u00e9xico.<\/h2><span class=\"awb-title-spacer\"><\/span><div class=\"title-sep-container\"><div class=\"title-sep sep-double sep-solid\" style=\"border-color:#e0dede;\"><\/div><\/div><\/div><\/p>\n\n\n\n<p><\/p>\n\n\n<div class=\"fusion-title title fusion-title-3 fusion-title-text fusion-title-size-two\" style=\"--awb-margin-top-small:10px;--awb-margin-right-small:0px;--awb-margin-bottom-small:10px;--awb-margin-left-small:0px;\"><h2 class=\"fusion-title-heading title-heading-left\" style=\"margin:0;\"><b><i>CIVILIDAD Y CIUDADAN\u00cdA: \u00bfENCUENTRO O DESENCUENTRO?.<\/i><\/b><\/h2><span class=\"awb-title-spacer\"><\/span><div class=\"title-sep-container\"><div class=\"title-sep sep-double sep-solid\" style=\"border-color:#e0dede;\"><\/div><\/div><\/div>\n\n\n\n<div style=\"height:18px\" aria-hidden=\"true\" class=\"wp-block-spacer\"><\/div>\n\n\n\n<div class=\"wp-block-group\"><div class=\"wp-block-group__inner-container is-layout-constrained wp-block-group-is-layout-constrained\">\n<div class=\"wp-block-columns is-layout-flex wp-container-core-columns-is-layout-9d6595d7 wp-block-columns-is-layout-flex\">\n<div class=\"wp-block-column is-layout-flow wp-block-column-is-layout-flow\"><div class=\"wp-block-image\">\n<figure class=\"aligncenter size-large is-resized\"><a href=\"https:\/\/drive.google.com\/drive\/folders\/17KcpP4N9QH9vkGt89LcTIXkrvBIpKUKC?usp=drive_link\" target=\"_blank\" rel=\"noreferrer noopener\"><img decoding=\"async\" src=\"https:\/\/ulia.org\/ficv\/wp-content\/uploads\/2023\/08\/Congreso-Ciencia-y-Vida-8-1024x683.jpg\" alt=\"\" class=\"wp-image-1493\" style=\"width:266px;height:178px\" width=\"266\" height=\"178\" srcset=\"https:\/\/ulia.org\/ficv\/wp-content\/uploads\/2023\/08\/Congreso-Ciencia-y-Vida-8-200x133.jpg 200w, https:\/\/ulia.org\/ficv\/wp-content\/uploads\/2023\/08\/Congreso-Ciencia-y-Vida-8-300x200.jpg 300w, https:\/\/ulia.org\/ficv\/wp-content\/uploads\/2023\/08\/Congreso-Ciencia-y-Vida-8-400x267.jpg 400w, https:\/\/ulia.org\/ficv\/wp-content\/uploads\/2023\/08\/Congreso-Ciencia-y-Vida-8-600x400.jpg 600w, https:\/\/ulia.org\/ficv\/wp-content\/uploads\/2023\/08\/Congreso-Ciencia-y-Vida-8-768x512.jpg 768w, https:\/\/ulia.org\/ficv\/wp-content\/uploads\/2023\/08\/Congreso-Ciencia-y-Vida-8-800x533.jpg 800w, https:\/\/ulia.org\/ficv\/wp-content\/uploads\/2023\/08\/Congreso-Ciencia-y-Vida-8-1024x683.jpg 1024w, https:\/\/ulia.org\/ficv\/wp-content\/uploads\/2023\/08\/Congreso-Ciencia-y-Vida-8-1200x800.jpg 1200w, https:\/\/ulia.org\/ficv\/wp-content\/uploads\/2023\/08\/Congreso-Ciencia-y-Vida-8-1536x1024.jpg 1536w\" sizes=\"(max-width: 266px) 100vw, 266px\" \/><\/a><figcaption class=\"wp-element-caption\">PONENCIAS CONGRESO<\/figcaption><\/figure>\n<\/div><\/div>\n\n\n\n<div class=\"wp-block-column is-layout-flow wp-block-column-is-layout-flow\"><div class=\"wp-block-image\">\n<figure class=\"aligncenter size-large is-resized\"><a href=\"https:\/\/photos.app.goo.gl\/reh9p1FRZ4bt6Lfp7\" target=\"_blank\" rel=\"noreferrer noopener\"><img decoding=\"async\" src=\"https:\/\/ulia.org\/ficv\/wp-content\/uploads\/2023\/08\/IMG_2856-3-1024x955.jpg\" alt=\"\" class=\"wp-image-1473\" style=\"width:191px;height:178px\" width=\"191\" height=\"178\" srcset=\"https:\/\/ulia.org\/ficv\/wp-content\/uploads\/2023\/08\/IMG_2856-3-300x280.jpg 300w, https:\/\/ulia.org\/ficv\/wp-content\/uploads\/2023\/08\/IMG_2856-3-768x716.jpg 768w, https:\/\/ulia.org\/ficv\/wp-content\/uploads\/2023\/08\/IMG_2856-3-1024x955.jpg 1024w, https:\/\/ulia.org\/ficv\/wp-content\/uploads\/2023\/08\/IMG_2856-3-1536x1432.jpg 1536w\" sizes=\"(max-width: 191px) 100vw, 191px\" \/><\/a><figcaption class=\"wp-element-caption\">FOTOS CONGRESO<\/figcaption><\/figure>\n<\/div><\/div>\n\n\n\n<div class=\"wp-block-column is-layout-flow wp-block-column-is-layout-flow\">\n<figure class=\"wp-block-embed is-type-video is-provider-youtube wp-block-embed-youtube wp-embed-aspect-16-9 wp-has-aspect-ratio\"><div class=\"wp-block-embed__wrapper\">\n<div class=\"video-shortcode\"><iframe title=\"XXV Congreso Internacional - Ciencia y Vida\" width=\"1100\" height=\"619\" src=\"https:\/\/www.youtube.com\/embed\/videoseries?list=PLPVcAz8dVfCKbAeNW6Zt3QlIvxyt09M-b\" frameborder=\"0\" allow=\"accelerometer; autoplay; clipboard-write; encrypted-media; gyroscope; picture-in-picture; web-share\" referrerpolicy=\"strict-origin-when-cross-origin\" allowfullscreen><\/iframe><\/div>\n<\/div><figcaption class=\"wp-element-caption\">VIDEOS DE LAS PONENCIAS<\/figcaption><\/figure>\n<\/div>\n<\/div>\n<\/div><\/div>\n\n\n\n<div style=\"height:18px\" aria-hidden=\"true\" class=\"wp-block-spacer\"><\/div>\n\n\n\n<div class=\"wp-block-buttons is-horizontal is-content-justification-center is-layout-flex wp-container-core-buttons-is-layout-499968f5 wp-block-buttons-is-layout-flex\">\n<div class=\"wp-block-button\"><a class=\"wp-block-button__link has-background wp-element-button\" href=\"https:\/\/docs.google.com\/forms\/d\/e\/1FAIpQLSeEEzLxa7rgHHQIkGoEQNAYdUoVGFBFvQD1oaQAtzfyw2HREA\/viewform?vc=0&amp;c=0&amp;w=1&amp;flr=0&amp;usp=mail_form_link\" style=\"background-color:#188a16\" target=\"_blank\" rel=\"noreferrer noopener\">Formulario de Inscripci\u00f3n<\/a><\/div>\n<\/div>\n\n\n\n<div style=\"height:10px\" aria-hidden=\"true\" class=\"wp-block-spacer\"><\/div>\n\n\n\n<hr class=\"wp-block-separator has-text-color has-css-opacity has-background alignwide\" style=\"background-color:#008000;color:#008000\"\/>\n\n\n\n<p><strong>Sede<\/strong>:Morelia, Michoac\u00e1n, M\u00e9xico.<\/p>\n\n\n\n<p><strong><b>Mesas tem\u00e1ticas<\/b><\/strong>:<\/p>\n\n\n\n<p>Diariamente asistimos a casos en los que se contraponen los derechos civiles de las personas y las comunidades con las obligaciones que los Estados contempor\u00e1neos imponen sobre nuestras vidas privadas y p\u00fablicas, el ejercicio profesional, la libertad de pensamiento, opini\u00f3n y c\u00e1tedra. El an\u00e1lisis de los casos concretos, as\u00ed como el diagn\u00f3stico de sus causas y consecuencias, son base ineludible para el planteamiento de alternativas y soluciones accionables en la vida social, pol\u00edtica, comunitaria y acad\u00e9mica. El XXV Congreso Internacional Ciencia y Vida se dedicar\u00e1 a estas cuestiones, en torno a estas cuatro mesas tem\u00e1ticas:<\/p>\n\n\n\n<figure class=\"wp-block-table\"><table><tbody><tr><td class=\"has-text-align-left\" data-align=\"left\"><strong>T\u00edtulo y tema de las mesas<\/strong><\/td><td class=\"has-text-align-left\" data-align=\"left\"><strong>Centralidad<\/strong><\/td><td><strong>Perfil de ponentes y comunicantes<\/strong><\/td><td><strong>Relator<\/strong><\/td><\/tr><tr><td class=\"has-text-align-left\" data-align=\"left\">Mesa 1.-&nbsp;<strong><em><strong>La responsabilidad del ciudadano, entre lealtad y libertad<\/strong><\/em><\/strong>.<\/td><td class=\"has-text-align-left\" data-align=\"left\">Ciudadano y\/o s\u00fabdito.<br>La raz\u00f3n de estado. Obediencias debidas e indebidas.<br>Libertad y responsabilidad en la sociedad pol\u00edtica.<\/td><td>Antropolog\u00eda<br>Derecho<br>Filosof\u00eda.<\/td><td>Francisco Bobadilla<\/td><\/tr><tr><td class=\"has-text-align-left\" data-align=\"left\">Mesa 2.-&nbsp;<strong><em><strong>Sociedad civil y sociedad pol\u00edtica: \u00e1mbitos y l\u00edmites<\/strong>.<\/em><\/strong><\/td><td class=\"has-text-align-left\" data-align=\"left\">La mayor\u00eda de edad de la sociedad civil.<br>El emprendimiento liberal. El caso de la educaci\u00f3n.<br>Estructuras de virtud en la vida social.<\/td><td>Sociolog\u00eda<br>Pol\u00edtica<br>Pedagog\u00eda<\/td><td>Rosario Athi\u00e9<\/td><\/tr><tr><td class=\"has-text-align-left\" data-align=\"left\">Mesa 3.-&nbsp;<strong><em><strong>Objeci\u00f3n de conciencia y coerci\u00f3n estatal<\/strong><\/em><\/strong><\/td><td class=\"has-text-align-left\" data-align=\"left\">El derecho y el deber de objetar.<br>Monopolios en una sociedad plural.<br>Las libertades profesionales. La salud.<\/td><td>Bio\u00e9tica,<br>Pol\u00edtica<br>Econom\u00eda<\/td><td>Rafael Bret\u00f3n<\/td><\/tr><tr><td class=\"has-text-align-left\" data-align=\"left\">Mesa 4.-&nbsp;<strong><em><strong>Derechos civiles, nuevos y viejos: \u00bfconcesi\u00f3n o exigencia?<\/strong><\/em><\/strong><\/td><td class=\"has-text-align-left\" data-align=\"left\">La evoluci\u00f3n de dogmas, leyes y c\u00f3digos.<br>Las emociones colectivas y su reconocimiento.<br>La seguridad ambiental.<\/td><td>Derecho,<br>Psicolog\u00eda<br>Filosof\u00eda<br>&nbsp;<\/td><td>Enrique Ban\u00fas<\/td><\/tr><\/tbody><\/table><\/figure>\n\n\n\n<p><\/p>\n\n\n\n<p>El Congreso est\u00e1 organizado por la Universidad Libre Internacional de las Am\u00e9ricas (ULIA) y la&nbsp;<a href=\"https:\/\/www.uvaq.edu.mx\/\" target=\"_blank\" rel=\"noreferrer noopener\">Universidad Vasco de Quiroga<\/a>. Tendr\u00e1 lugar en Morelia, Michoac\u00e1n, M\u00e9xico los d\u00edas 3 a 5 de agosto de 2023. En breve se publicar\u00e1 un llamado a comunicaciones.<\/p>\n\n\n\n<p>Pronto m\u00e1s informaci\u00f3n en&nbsp;<a href=\"https:\/\/ulia.org\/ficv\/\" target=\"_blank\" rel=\"noreferrer noopener\">https:\/\/ulia.org\/ficv\/<\/a>&nbsp;bajo el men\u00fa Congresos.<\/p>\n\n\n\n<div style=\"height:18px\" aria-hidden=\"true\" class=\"wp-block-spacer\"><\/div>\n\n\n\n<hr class=\"wp-block-separator has-text-color has-css-opacity has-background alignwide\" style=\"background-color:#008000;color:#008000\"\/>\n\n\n\n<p class=\"has-text-color has-large-font-size\" style=\"color:#085a07\"><mark style=\"background-color:rgba(0, 0, 0, 0);color:#008000\" class=\"has-inline-color\"><strong><em>Llamado a comunicaciones<\/em><\/strong><\/mark><\/p>\n\n\n\n<p>Investigadores de diversas \u00e1reas cient\u00edficas (ciencias sociales, filosof\u00eda, bio\u00e9tica, humanidades, o desde enfoques interdisciplinarios) pueden enviar propuestas de comunicaci\u00f3n, en el marco del tema general y las mesas del Congreso<mark style=\"background-color:rgba(0, 0, 0, 0);color: rgb(0, 128, 0);\" class=\"has-inline-color\"><em style=\"background-color: rgba(0, 0, 0, 0);\">.<\/em><\/mark><\/p>\n\n\n\n<p>Para ellos deben enviar a<strong> <a rel=\"noreferrer noopener\" href=\"mailto:jorge.sebastian@ulia.org\" target=\"_blank\">jorge.sebastian@ulia.org<\/a>: <\/strong><\/p>\n\n\n\n<ul class=\"wp-block-list\">\n<li>Un resumen de su comunicaci\u00f3n, con unm\u00e1ximo de 250 palabras de extensi\u00f3n.<\/li>\n\n\n\n<li>Un breve curriculum vitae acad\u00e9mico del autor o autores (no m\u00e1s de una p\u00e1gina).<\/li>\n\n\n\n<li>El plazo l\u00edmite pra recibir las propuestas es el<strong> 15 de mayo de 2023.<\/strong><\/li>\n<\/ul>\n\n\n\n<hr class=\"wp-block-separator has-text-color has-css-opacity has-background alignwide is-style-default\" style=\"background-color:#008000;color:#008000\"\/>\n\n\n\n<div class=\"wp-block-columns is-layout-flex wp-container-core-columns-is-layout-9d6595d7 wp-block-columns-is-layout-flex\">\n<div class=\"wp-block-column is-layout-flow wp-block-column-is-layout-flow\">\n<div class=\"wp-block-file aligncenter\"><a id=\"wp-block-file--media-785a01b4-70c8-4f78-bbcf-171cb1388de1\" href=\"https:\/\/ulia.org\/ficv\/wp-content\/uploads\/2023\/08\/03AGT23-Congreso-Ciencia-y-Vida-POST-1.docx\">COMUNICADO DE PRENSA 1<\/a><a href=\"https:\/\/ulia.org\/ficv\/wp-content\/uploads\/2023\/08\/03AGT23-Congreso-Ciencia-y-Vida-POST-1.docx\" class=\"fusion-button-default fusion-button-default-size wp-block-file__button wp-element-button\" download aria-describedby=\"wp-block-file--media-785a01b4-70c8-4f78-bbcf-171cb1388de1\">Descarga<\/a><\/div>\n<\/div>\n\n\n\n<div class=\"wp-block-column is-layout-flow wp-block-column-is-layout-flow\">\n<div class=\"wp-block-file aligncenter\"><a id=\"wp-block-file--media-6cc0b4da-2118-4d72-aadf-8f9ffa78ced2\" href=\"https:\/\/ulia.org\/ficv\/wp-content\/uploads\/2023\/08\/03AGT23-Congreso-Ciencia-y-Vida-1.docx\">COMUNICADO DE PRENSA 2<\/a><a href=\"https:\/\/ulia.org\/ficv\/wp-content\/uploads\/2023\/08\/03AGT23-Congreso-Ciencia-y-Vida-1.docx\" class=\"fusion-button-default fusion-button-default-size wp-block-file__button wp-element-button\" download aria-describedby=\"wp-block-file--media-6cc0b4da-2118-4d72-aadf-8f9ffa78ced2\">Descarga<\/a><\/div>\n<\/div>\n\n\n\n<div class=\"wp-block-column is-layout-flow wp-block-column-is-layout-flow\">\n<figure class=\"wp-block-audio aligncenter\"><audio controls src=\"https:\/\/ulia.org\/ficv\/wp-content\/uploads\/2023\/08\/03AGT23-25-Congreso-Ciencia-1.mp3\"><\/audio><figcaption class=\"wp-element-caption\">CU\u00d1A DE RADIO<\/figcaption><\/figure>\n<\/div>\n<\/div>\n\n\n\n<div class=\"wp-block-buttons is-horizontal is-content-justification-center is-layout-flex wp-container-core-buttons-is-layout-499968f5 wp-block-buttons-is-layout-flex\">\n<div class=\"wp-block-button\"><a class=\"wp-block-button__link has-background wp-element-button\" href=\"https:\/\/docs.google.com\/forms\/d\/e\/1FAIpQLSeEEzLxa7rgHHQIkGoEQNAYdUoVGFBFvQD1oaQAtzfyw2HREA\/viewform?vc=0&amp;c=0&amp;w=1&amp;flr=0&amp;usp=mail_form_link\" style=\"background-color:#188a16\" target=\"_blank\" rel=\"noreferrer noopener\">Formulario de Inscripci\u00f3n<\/a><\/div>\n<\/div>\n\n\n\n<hr class=\"wp-block-separator has-text-color has-css-opacity has-background alignwide is-style-default\" style=\"background-color:#008000;color:#008000\"\/>\n\n\n\n<p><strong>Correspondencia:&nbsp;<a href=\"mailto:jorge.sebastian@ulia.org\" target=\"_blank\" rel=\"noreferrer noopener\">jorge.sebastian@ulia.org<\/a><\/strong><\/p>\n\n\n\n<div style=\"height:18px\" aria-hidden=\"true\" class=\"wp-block-spacer\"><\/div>\n\n\n\n<hr class=\"wp-block-separator has-text-color has-css-opacity has-background alignwide is-style-default\" style=\"background-color:#008000;color:#008000\"\/>\n\n\n\n<p><\/p>\n\n\n\n<p><\/p>\n\n\n<p style=\"text-align: center;\"><a href=\"https:\/\/ulia.org\/ficv\/wp-content\/uploads\/2022\/12\/Uvaq_logo-pequeno-e1675846469835.jpg\"><img decoding=\"async\" class=\"size-full wp-image-1374 alignright\" src=\"https:\/\/ulia.org\/ficv\/wp-content\/uploads\/2022\/12\/Uvaq_logo-pequeno-e1675846469835.jpg\" alt=\"\" width=\"200\" height=\"68\"><\/a>&nbsp; &nbsp; &nbsp; &nbsp; &nbsp; &nbsp; &nbsp; &nbsp; &nbsp; &nbsp; &nbsp; &nbsp; &nbsp; &nbsp; &nbsp; &nbsp; &nbsp; &nbsp; &nbsp; &nbsp; &nbsp; &nbsp; &nbsp; &nbsp; &nbsp; &nbsp; &nbsp; &nbsp; &nbsp; &nbsp; &nbsp; &nbsp; &nbsp; &nbsp; &nbsp; &nbsp; &nbsp; &nbsp; &nbsp; &nbsp; &nbsp; &nbsp; &nbsp; &nbsp; &nbsp; &nbsp; &nbsp; &nbsp;<a href=\"http:\/\/ulia.org\"><img decoding=\"async\" class=\"alignleft wp-image-1104\" src=\"https:\/\/ulia.org\/ficv\/wp-content\/uploads\/2018\/02\/Imagotipo-ulia_verde-1024x335.jpg\" alt=\"\" width=\"306\" height=\"107\"><\/a><\/p>","protected":false},"excerpt":{"rendered":"<p>Sede:Morelia, Michoac\u00e1n, M\u00e9xico. Mesas tem\u00e1ticas: Diariamente asistimos a casos en los que se contraponen los derechos civiles de las personas y las comunidades con las obligaciones que los Estados contempor\u00e1neos imponen sobre nuestras vidas privadas y p\u00fablicas, el ejercicio profesional, la libertad de pensamiento, opini\u00f3n y c\u00e1tedra. El an\u00e1lisis de los casos concretos, as\u00ed como  [&#8230;]<\/p>\n","protected":false},"author":1,"featured_media":0,"parent":0,"menu_order":0,"comment_status":"closed","ping_status":"closed","template":"","meta":{"footnotes":""},"class_list":["post-1372","page","type-page","status-publish","hentry"],"_links":{"self":[{"href":"https:\/\/ulia.org\/ficv\/wp-json\/wp\/v2\/pages\/1372","targetHints":{"allow":["GET"]}}],"collection":[{"href":"https:\/\/ulia.org\/ficv\/wp-json\/wp\/v2\/pages"}],"about":[{"href":"https:\/\/ulia.org\/ficv\/wp-json\/wp\/v2\/types\/page"}],"author":[{"embeddable":true,"href":"https:\/\/ulia.org\/ficv\/wp-json\/wp\/v2\/users\/1"}],"replies":[{"embeddable":true,"href":"https:\/\/ulia.org\/ficv\/wp-json\/wp\/v2\/comments?post=1372"}],"version-history":[{"count":30,"href":"https:\/\/ulia.org\/ficv\/wp-json\/wp\/v2\/pages\/1372\/revisions"}],"predecessor-version":[{"id":1516,"href":"https:\/\/ulia.org\/ficv\/wp-json\/wp\/v2\/pages\/1372\/revisions\/1516"}],"wp:attachment":[{"href":"https:\/\/ulia.org\/ficv\/wp-json\/wp\/v2\/media?parent=1372"}],"curies":[{"name":"wp","href":"https:\/\/api.w.org\/{rel}","templated":true}]}}